Last updated on 2022-08-15 08:49:50 CEST.
Flavor | Version | Tinstall | Tcheck | Ttotal | Status | Flags |
---|---|---|---|---|---|---|
r-devel-linux-x86_64-debian-clang | 1.8.1 | 90.91 | 49.70 | 140.61 | OK | |
r-devel-linux-x86_64-debian-gcc | 1.8.1 | 70.91 | 37.29 | 108.20 | OK | |
r-devel-linux-x86_64-fedora-clang | 1.8.1 | 193.74 | OK | |||
r-devel-linux-x86_64-fedora-gcc | 1.8.1 | 181.87 | OK | |||
r-devel-windows-x86_64 | 1.8.1 | 66.00 | 108.00 | 174.00 | OK | |
r-patched-linux-x86_64 | 1.8.1 | 76.84 | 47.84 | 124.68 | OK | |
r-release-linux-x86_64 | 1.8.1 | 71.14 | 47.98 | 119.12 | OK | |
r-release-macos-arm64 | 1.8.1 | 49.00 | NOTE | |||
r-release-macos-x86_64 | 1.8.1 | 68.00 | NOTE | |||
r-release-windows-x86_64 | 1.8.1 | 76.00 | 90.00 | 166.00 | OK | |
r-oldrel-macos-arm64 | 1.8.1 | 61.00 | NOTE | |||
r-oldrel-macos-x86_64 | 1.8.1 | 95.00 | NOTE | |||
r-oldrel-windows-ix86+x86_64 | 1.8.1 | 196.00 | 95.00 | 291.00 | OK |
Version: 1.8.1
Check: installed package size
Result: NOTE
installed size is 5.5Mb
sub-directories of 1Mb or more:
libs 5.2Mb
Flavors: r-release-macos-arm64, r-release-macos-x86_64, r-oldrel-macos-arm64, r-oldrel-macos-x86_64