Last updated on 2022-08-15 08:49:50 CEST.
Flavor | Version | Tinstall | Tcheck | Ttotal | Status | Flags |
---|---|---|---|---|---|---|
r-devel-linux-x86_64-debian-clang | 1.0.21 | 5.77 | 81.88 | 87.65 | OK | |
r-devel-linux-x86_64-debian-gcc | 1.0.21 | 4.71 | 59.11 | 63.82 | OK | |
r-devel-linux-x86_64-fedora-clang | 1.0.21 | 111.13 | NOTE | |||
r-devel-linux-x86_64-fedora-gcc | 1.0.21 | 110.03 | OK | |||
r-devel-windows-x86_64 | 1.0.21 | 33.00 | 133.00 | 166.00 | NOTE | |
r-patched-linux-x86_64 | 1.0.21 | 5.18 | 78.28 | 83.46 | OK | |
r-release-linux-x86_64 | 1.0.21 | 5.68 | 77.39 | 83.07 | OK | |
r-release-macos-arm64 | 1.0.21 | 32.00 | NOTE | |||
r-release-macos-x86_64 | 1.0.21 | 49.00 | NOTE | |||
r-release-windows-x86_64 | 1.0.21 | 29.00 | 113.00 | 142.00 | NOTE | |
r-oldrel-macos-arm64 | 1.0.21 | 34.00 | NOTE | |||
r-oldrel-macos-x86_64 | 1.0.21 | 48.00 | NOTE | |||
r-oldrel-windows-ix86+x86_64 | 1.0.21 | 15.00 | 112.00 | 127.00 | NOTE |
Version: 1.0.21
Check: installed package size
Result: NOTE
installed size is 7.6Mb
sub-directories of 1Mb or more:
doc 7.1Mb
Flavors: r-devel-linux-x86_64-fedora-clang, r-devel-windows-x86_64, r-release-macos-arm64, r-release-macos-x86_64, r-release-windows-x86_64, r-oldrel-macos-arm64, r-oldrel-macos-x86_64, r-oldrel-windows-ix86+x86_64
Version: 1.0.21
Check: package dependencies
Result: NOTE
Package suggested but not available for checking: ‘WGCNA’
Flavor: r-release-macos-arm64
Version: 1.0.21
Check: package dependencies
Result: NOTE
Package suggested but not available for checking: ‘DeconRNASeq’
Flavor: r-oldrel-macos-arm64
Version: 1.0.21
Check: package dependencies
Result: NOTE
Packages suggested but not available for checking: 'DeconRNASeq', 'WGCNA'
Flavor: r-oldrel-macos-x86_64