Last updated on 2022-08-15 08:49:50 CEST.
Flavor | Version | Tinstall | Tcheck | Ttotal | Status | Flags |
---|---|---|---|---|---|---|
r-devel-linux-x86_64-debian-clang | 0.1.2 | 2.26 | 14.15 | 16.41 | NOTE | |
r-devel-linux-x86_64-debian-gcc | 0.1.2 | 2.23 | 11.86 | 14.09 | NOTE | |
r-devel-linux-x86_64-fedora-clang | 0.1.2 | 46.59 | NOTE | |||
r-devel-linux-x86_64-fedora-gcc | 0.1.2 | 45.82 | NOTE | |||
r-devel-windows-x86_64 | 0.1.2 | 8.00 | 43.00 | 51.00 | OK | |
r-patched-linux-x86_64 | 0.1.2 | 2.92 | 14.30 | 17.22 | OK | |
r-release-linux-x86_64 | 0.1.2 | 2.72 | 13.85 | 16.57 | OK | |
r-release-macos-arm64 | 0.1.2 | 16.00 | OK | |||
r-release-macos-x86_64 | 0.1.2 | 22.00 | OK | |||
r-release-windows-x86_64 | 0.1.2 | 5.00 | 41.00 | 46.00 | OK | |
r-oldrel-macos-arm64 | 0.1.2 | 20.00 | OK | |||
r-oldrel-macos-x86_64 | 0.1.2 | 28.00 | OK | |||
r-oldrel-windows-ix86+x86_64 | 0.1.2 | 6.00 | 36.00 | 42.00 | OK |
Version: 0.1.2
Check: HTML version of manual
Result: NOTE
Found the following math rendering problems:
daep.Rd:5-10: Unknown column alignment: * in ...{\begin{array}{*{20}c}
\frac{1}...
fitaep.Rd:5-10: Unknown column alignment: * in ...{\begin{array}{*{20}c}
\frac{1}...
paep.Rd:5-10: Unknown column alignment: * in ...{\begin{array}{*{20}c}
\frac{1-...
qaep.Rd:5-10: Unknown column alignment: * in ...{\begin{array}{*{20}c}
\mu-\sig...
raep.Rd:5-10: Unknown column alignment: * in ...{\begin{array}{*{20}c}
\mu-\sig...
regaep.Rd:7-12: Unknown column alignment: * in ...{\begin{array}{*{20}c}
\frac{1}...
Flavors: r-devel-linux-x86_64-debian-clang, r-devel-linux-x86_64-debian-gcc, r-devel-linux-x86_64-fedora-clang, r-devel-linux-x86_64-fedora-gcc