Last updated on 2022-08-15 08:49:50 CEST.
Flavor | Version | Tinstall | Tcheck | Ttotal | Status | Flags |
---|---|---|---|---|---|---|
r-devel-linux-x86_64-debian-clang | 1.0.1 | 17.75 | 129.06 | 146.81 | OK | |
r-devel-linux-x86_64-debian-gcc | 1.0.1 | 16.08 | 97.82 | 113.90 | OK | |
r-devel-linux-x86_64-fedora-clang | 1.0.1 | 186.70 | NOTE | |||
r-devel-linux-x86_64-fedora-gcc | 1.0.1 | 187.40 | NOTE | |||
r-devel-windows-x86_64 | 1.0.1 | 33.00 | 167.00 | 200.00 | OK | |
r-patched-linux-x86_64 | 1.0.1 | 14.74 | 124.00 | 138.74 | OK | |
r-release-linux-x86_64 | 1.0.1 | 13.38 | 119.82 | 133.20 | OK | |
r-release-macos-arm64 | 1.0.1 | 49.00 | NOTE | |||
r-release-macos-x86_64 | 1.0.1 | 100.00 | NOTE | |||
r-release-windows-x86_64 | 1.0.1 | 36.00 | 146.00 | 182.00 | OK | |
r-oldrel-macos-arm64 | 1.0.1 | 52.00 | NOTE | |||
r-oldrel-macos-x86_64 | 1.0.1 | 94.00 | NOTE | |||
r-oldrel-windows-ix86+x86_64 | 1.0.1 | 41.00 | 143.00 | 184.00 | OK |
Version: 1.0.1
Check: dependencies in R code
Result: NOTE
Namespaces in Imports field not imported from:
‘devtools’ ‘mixexp’
All declared Imports should be used.
Flavors: r-devel-linux-x86_64-fedora-clang, r-devel-linux-x86_64-fedora-gcc, r-release-macos-arm64, r-release-macos-x86_64, r-oldrel-macos-arm64, r-oldrel-macos-x86_64