Last updated on 2022-08-15 08:49:50 CEST.
Flavor | Version | Tinstall | Tcheck | Ttotal | Status | Flags |
---|---|---|---|---|---|---|
r-devel-linux-x86_64-debian-clang | 0.2.6 | 45.91 | 431.63 | 477.54 | NOTE | |
r-devel-linux-x86_64-debian-gcc | 0.2.6 | 32.27 | 315.33 | 347.60 | NOTE | |
r-devel-linux-x86_64-fedora-clang | 0.2.6 | 556.77 | NOTE | |||
r-devel-linux-x86_64-fedora-gcc | 0.2.6 | 615.30 | NOTE | |||
r-devel-windows-x86_64 | 0.2.6 | 88.00 | 473.00 | 561.00 | OK | |
r-patched-linux-x86_64 | 0.2.6 | 38.24 | 416.43 | 454.67 | NOTE | |
r-release-linux-x86_64 | 0.2.6 | 35.71 | 410.86 | 446.57 | NOTE | |
r-release-macos-arm64 | 0.2.6 | 116.00 | OK | |||
r-release-macos-x86_64 | 0.2.6 | 179.00 | OK | |||
r-release-windows-x86_64 | 0.2.6 | 92.00 | 473.00 | 565.00 | OK | |
r-oldrel-macos-arm64 | 0.2.6 | 94.00 | OK | |||
r-oldrel-macos-x86_64 | 0.2.6 | 170.00 | OK | |||
r-oldrel-windows-ix86+x86_64 | 0.2.6 | 86.00 | 453.00 | 539.00 | OK |
Version: 0.2.6
Check: package dependencies
Result: NOTE
Package suggested but not available for checking: 'RandomFields'
Flavors: r-devel-linux-x86_64-debian-clang, r-devel-linux-x86_64-debian-gcc, r-devel-linux-x86_64-fedora-clang, r-devel-linux-x86_64-fedora-gcc, r-patched-linux-x86_64, r-release-linux-x86_64