Last updated on 2022-08-15 08:49:50 CEST.
Flavor | Version | Tinstall | Tcheck | Ttotal | Status | Flags |
---|---|---|---|---|---|---|
r-devel-linux-x86_64-debian-clang | 0.1.0 | 2.34 | 20.49 | 22.83 | NOTE | |
r-devel-linux-x86_64-debian-gcc | 0.1.0 | 1.93 | 16.05 | 17.98 | NOTE | |
r-devel-linux-x86_64-fedora-clang | 0.1.0 | 39.26 | NOTE | |||
r-devel-linux-x86_64-fedora-gcc | 0.1.0 | 38.10 | NOTE | |||
r-devel-windows-x86_64 | 0.1.0 | 10.00 | 46.00 | 56.00 | NOTE | |
r-patched-linux-x86_64 | 0.1.0 | 2.21 | 19.82 | 22.03 | NOTE | |
r-release-linux-x86_64 | 0.1.0 | 2.25 | 20.25 | 22.50 | NOTE | |
r-release-macos-arm64 | 0.1.0 | 15.00 | NOTE | |||
r-release-macos-x86_64 | 0.1.0 | 23.00 | NOTE | |||
r-release-windows-x86_64 | 0.1.0 | 7.00 | 45.00 | 52.00 | NOTE | |
r-oldrel-macos-arm64 | 0.1.0 | 18.00 | NOTE | |||
r-oldrel-macos-x86_64 | 0.1.0 | 21.00 | NOTE | |||
r-oldrel-windows-ix86+x86_64 | 0.1.0 | 8.00 | 44.00 | 52.00 | NOTE |
Version: 0.1.0
Check: LazyData
Result: NOTE
'LazyData' is specified without a 'data' directory
Flavors: r-devel-linux-x86_64-debian-clang, r-devel-linux-x86_64-debian-gcc, r-devel-linux-x86_64-fedora-clang, r-devel-linux-x86_64-fedora-gcc, r-devel-windows-x86_64, r-patched-linux-x86_64, r-release-linux-x86_64, r-release-macos-arm64, r-release-macos-x86_64, r-release-windows-x86_64, r-oldrel-macos-arm64, r-oldrel-macos-x86_64, r-oldrel-windows-ix86+x86_64
Version: 0.1.0
Check: dependencies in R code
Result: NOTE
Namespaces in Imports field not imported from:
‘car’ ‘datasets’ ‘dplyr’ ‘ggplot2’ ‘plotly’ ‘shiny’
All declared Imports should be used.
Flavors: r-devel-linux-x86_64-fedora-clang, r-devel-linux-x86_64-fedora-gcc, r-release-macos-arm64, r-release-macos-x86_64, r-oldrel-macos-arm64, r-oldrel-macos-x86_64