Last updated on 2022-08-15 08:49:50 CEST.
Flavor | Version | Tinstall | Tcheck | Ttotal | Status | Flags |
---|---|---|---|---|---|---|
r-devel-linux-x86_64-debian-clang | 1.2.3 | 15.05 | 125.27 | 140.32 | OK | |
r-devel-linux-x86_64-debian-gcc | 1.2.3 | 13.69 | 92.28 | 105.97 | OK | |
r-devel-linux-x86_64-fedora-clang | 1.2.3 | 184.59 | NOTE | |||
r-devel-linux-x86_64-fedora-gcc | 1.2.3 | 177.15 | OK | |||
r-devel-windows-x86_64 | 1.2.3 | 40.00 | 146.00 | 186.00 | OK | |
r-patched-linux-x86_64 | 1.2.3 | 14.27 | 117.70 | 131.97 | OK | |
r-release-linux-x86_64 | 1.2.3 | 10.59 | 116.48 | 127.07 | OK | |
r-release-macos-arm64 | 1.2.3 | 61.00 | OK | |||
r-release-macos-x86_64 | 1.2.3 | 98.00 | OK | |||
r-release-windows-x86_64 | 1.2.3 | 39.00 | 151.00 | 190.00 | OK | |
r-oldrel-macos-arm64 | 1.2.3 | 58.00 | OK | |||
r-oldrel-macos-x86_64 | 1.2.3 | 73.00 | OK | |||
r-oldrel-windows-ix86+x86_64 | 1.2.3 | 36.00 | 152.00 | 188.00 | OK |
Version: 1.2.3
Check: package dependencies
Result: NOTE
Imports includes 22 non-default packages.
Importing from so many packages makes the package vulnerable to any of
them becoming unavailable. Move as many as possible to Suggests and
use conditionally.
Flavor: r-devel-linux-x86_64-fedora-clang