Last updated on 2022-08-15 08:49:50 CEST.
Flavor | Version | Tinstall | Tcheck | Ttotal | Status | Flags |
---|---|---|---|---|---|---|
r-devel-linux-x86_64-debian-clang | 0.9.45 | 25.81 | 76.93 | 102.74 | NOTE | |
r-devel-linux-x86_64-debian-gcc | 0.9.45 | 21.40 | 57.46 | 78.86 | NOTE | |
r-devel-linux-x86_64-fedora-clang | 0.9.45 | 135.53 | NOTE | |||
r-devel-linux-x86_64-fedora-gcc | 0.9.45 | 135.56 | NOTE | |||
r-devel-windows-x86_64 | 0.9.45 | 61.00 | 124.00 | 185.00 | NOTE | |
r-patched-linux-x86_64 | 0.9.45 | 23.43 | 73.17 | 96.60 | NOTE | |
r-release-linux-x86_64 | 0.9.45 | 22.06 | 71.98 | 94.04 | NOTE | |
r-release-macos-arm64 | 0.9.45 | 39.00 | NOTE | |||
r-release-macos-x86_64 | 0.9.45 | 59.00 | NOTE | |||
r-release-windows-x86_64 | 0.9.45 | 74.00 | 122.00 | 196.00 | NOTE | |
r-oldrel-macos-arm64 | 0.9.45 | 45.00 | NOTE | |||
r-oldrel-macos-x86_64 | 0.9.45 | 81.00 | NOTE | |||
r-oldrel-windows-ix86+x86_64 | 0.9.45 | 52.00 | 121.00 | 173.00 | NOTE |
Version: 0.9.45
Check: package dependencies
Result: NOTE
Package which this enhances but not available for checking: 'ARTP'
Flavors: r-devel-linux-x86_64-debian-clang, r-devel-linux-x86_64-debian-gcc, r-devel-linux-x86_64-fedora-clang, r-devel-linux-x86_64-fedora-gcc, r-devel-windows-x86_64, r-patched-linux-x86_64, r-release-linux-x86_64, r-release-macos-arm64, r-release-macos-x86_64, r-release-windows-x86_64, r-oldrel-macos-arm64, r-oldrel-macos-x86_64
Version: 0.9.45
Check: installed package size
Result: NOTE
installed size is 5.1Mb
sub-directories of 1Mb or more:
extdata 3.7Mb
Flavors: r-devel-linux-x86_64-fedora-clang, r-devel-windows-x86_64, r-release-macos-arm64, r-release-macos-x86_64, r-release-windows-x86_64, r-oldrel-macos-arm64, r-oldrel-macos-x86_64, r-oldrel-windows-ix86+x86_64