Last updated on 2022-08-15 08:49:50 CEST.
Flavor | Version | Tinstall | Tcheck | Ttotal | Status | Flags |
---|---|---|---|---|---|---|
r-devel-linux-x86_64-debian-clang | 0.4.9 | 37.73 | 297.99 | 335.72 | NOTE | |
r-devel-linux-x86_64-debian-gcc | 0.4.9 | 28.09 | 223.18 | 251.27 | NOTE | |
r-devel-linux-x86_64-fedora-clang | 0.4.9 | 397.60 | NOTE | |||
r-devel-linux-x86_64-fedora-gcc | 0.4.9 | 416.74 | NOTE | |||
r-devel-windows-x86_64 | 0.4.9 | 39.00 | 306.00 | 345.00 | NOTE | |
r-patched-linux-x86_64 | 0.4.9 | 30.05 | 287.14 | 317.19 | NOTE | |
r-release-linux-x86_64 | 0.4.9 | 32.33 | 291.13 | 323.46 | NOTE | |
r-release-macos-arm64 | 0.4.9 | 84.00 | NOTE | |||
r-release-macos-x86_64 | 0.4.9 | 121.00 | NOTE | |||
r-release-windows-x86_64 | 0.4.9 | 44.00 | 296.00 | 340.00 | NOTE | |
r-oldrel-macos-arm64 | 0.4.9 | 55.00 | NOTE | |||
r-oldrel-macos-x86_64 | 0.4.9 | 99.00 | NOTE | |||
r-oldrel-windows-ix86+x86_64 | 0.4.9 | 71.00 | 294.00 | 365.00 | NOTE |
Version: 0.4.9
Check: LazyData
Result: NOTE
'LazyData' is specified without a 'data' directory
Flavors: r-devel-linux-x86_64-debian-clang, r-devel-linux-x86_64-debian-gcc, r-devel-linux-x86_64-fedora-clang, r-devel-linux-x86_64-fedora-gcc, r-devel-windows-x86_64, r-patched-linux-x86_64, r-release-linux-x86_64, r-release-macos-arm64, r-release-macos-x86_64, r-release-windows-x86_64, r-oldrel-macos-arm64, r-oldrel-macos-x86_64, r-oldrel-windows-ix86+x86_64