Last updated on 2022-08-15 08:49:50 CEST.
Flavor | Version | Tinstall | Tcheck | Ttotal | Status | Flags |
---|---|---|---|---|---|---|
r-devel-linux-x86_64-debian-clang | 1.0.0 | 47.79 | 41.06 | 88.85 | OK | |
r-devel-linux-x86_64-debian-gcc | 1.0.0 | 39.66 | 31.31 | 70.97 | OK | |
r-devel-linux-x86_64-fedora-clang | 1.0.0 | 128.52 | OK | |||
r-devel-linux-x86_64-fedora-gcc | 1.0.0 | 128.28 | OK | |||
r-devel-windows-x86_64 | 1.0.0 | 38.00 | 88.00 | 126.00 | OK | |
r-patched-linux-x86_64 | 1.0.0 | 47.43 | 39.07 | 86.50 | OK | |
r-release-linux-x86_64 | 1.0.0 | 45.18 | 39.30 | 84.48 | OK | |
r-release-macos-arm64 | 1.0.0 | 27.00 | NOTE | |||
r-release-macos-x86_64 | 1.0.0 | 44.00 | NOTE | |||
r-release-windows-x86_64 | 1.0.0 | 40.00 | 91.00 | 131.00 | OK | |
r-oldrel-macos-arm64 | 1.0.0 | 25.00 | NOTE | |||
r-oldrel-macos-x86_64 | 1.0.0 | 49.00 | NOTE | |||
r-oldrel-windows-ix86+x86_64 | 1.0.0 | 111.00 | 104.00 | 215.00 | OK |
Version: 1.0.0
Check: installed package size
Result: NOTE
installed size is 5.5Mb
sub-directories of 1Mb or more:
libs 5.4Mb
Flavors: r-release-macos-arm64, r-release-macos-x86_64, r-oldrel-macos-arm64, r-oldrel-macos-x86_64