Last updated on 2022-08-15 08:49:50 CEST.
Flavor | Version | Tinstall | Tcheck | Ttotal | Status | Flags |
---|---|---|---|---|---|---|
r-devel-linux-x86_64-debian-clang | 1.2.1 | 10.28 | 106.86 | 117.14 | OK | |
r-devel-linux-x86_64-debian-gcc | 1.2.1 | 9.01 | 79.32 | 88.33 | OK | |
r-devel-linux-x86_64-fedora-clang | 1.2.1 | 148.25 | OK | |||
r-devel-linux-x86_64-fedora-gcc | 1.2.1 | 154.23 | OK | |||
r-devel-windows-x86_64 | 1.2.1 | 15.00 | 122.00 | 137.00 | OK | |
r-patched-linux-x86_64 | 1.2.1 | 14.10 | 99.72 | 113.82 | OK | |
r-release-linux-x86_64 | 1.2.1 | 9.14 | 99.98 | 109.12 | OK | |
r-release-macos-arm64 | 1.2.1 | 42.00 | OK | |||
r-release-macos-x86_64 | 1.2.1 | 79.00 | OK | |||
r-release-windows-x86_64 | 1.2.1 | 13.00 | 123.00 | 136.00 | OK | |
r-oldrel-macos-arm64 | 1.2.1 | 54.00 | OK | |||
r-oldrel-macos-x86_64 | 1.2.1 | 81.00 | OK | |||
r-oldrel-windows-ix86+x86_64 | 1.2.1 | 5.00 | 27.00 | 32.00 | ERROR |
Version: 1.2.1
Check: whether package can be installed
Result: ERROR
Installation failed.
Flavor: r-oldrel-windows-ix86+x86_64