Last updated on 2022-08-15 08:49:51 CEST.
Flavor | Version | Tinstall | Tcheck | Ttotal | Status | Flags |
---|---|---|---|---|---|---|
r-devel-linux-x86_64-debian-clang | 2.0.7-0 | 5.85 | 44.42 | 50.27 | NOTE | |
r-devel-linux-x86_64-debian-gcc | 2.0.7-0 | 4.47 | 34.11 | 38.58 | NOTE | |
r-devel-linux-x86_64-fedora-clang | 2.0.7-0 | 69.63 | NOTE | |||
r-devel-linux-x86_64-fedora-gcc | 2.0.7-0 | 71.37 | NOTE | |||
r-devel-windows-x86_64 | 2.0.7-0 | 23.00 | 65.00 | 88.00 | NOTE | |
r-patched-linux-x86_64 | 2.0.7-0 | 6.04 | 42.57 | 48.61 | NOTE | |
r-release-linux-x86_64 | 2.0.7-0 | 5.14 | 43.35 | 48.49 | NOTE | |
r-release-macos-arm64 | 2.0.7-0 | 47.00 | NOTE | |||
r-release-macos-x86_64 | 2.0.7-0 | 46.00 | NOTE | |||
r-release-windows-x86_64 | 2.0.7-0 | 24.00 | 68.00 | 92.00 | NOTE | |
r-oldrel-macos-arm64 | 2.0.7-0 | 45.00 | NOTE | |||
r-oldrel-macos-x86_64 | 2.0.7-0 | 53.00 | NOTE | |||
r-oldrel-windows-ix86+x86_64 | 2.0.7-0 | 16.00 | 68.00 | 84.00 | NOTE |
Version: 2.0.7-0
Check: LazyData
Result: NOTE
'LazyData' is specified without a 'data' directory
Flavors: r-devel-linux-x86_64-debian-clang, r-devel-linux-x86_64-debian-gcc, r-devel-linux-x86_64-fedora-clang, r-devel-linux-x86_64-fedora-gcc, r-devel-windows-x86_64, r-patched-linux-x86_64, r-release-linux-x86_64, r-release-macos-arm64, r-release-macos-x86_64, r-release-windows-x86_64, r-oldrel-macos-arm64, r-oldrel-macos-x86_64, r-oldrel-windows-ix86+x86_64
Version: 2.0.7-0
Check: installed package size
Result: NOTE
installed size is 7.9Mb
sub-directories of 1Mb or more:
java 7.8Mb
Flavors: r-devel-linux-x86_64-fedora-clang, r-devel-windows-x86_64, r-release-macos-arm64, r-release-macos-x86_64, r-release-windows-x86_64, r-oldrel-macos-arm64, r-oldrel-macos-x86_64, r-oldrel-windows-ix86+x86_64