Last updated on 2022-08-15 08:49:50 CEST.
Flavor | Version | Tinstall | Tcheck | Ttotal | Status | Flags |
---|---|---|---|---|---|---|
r-devel-linux-x86_64-debian-clang | 1.1.2 | 3.54 | 184.35 | 187.89 | OK | |
r-devel-linux-x86_64-debian-gcc | 1.1.2 | 2.65 | 131.14 | 133.79 | OK | |
r-devel-linux-x86_64-fedora-clang | 1.1.2 | 229.45 | OK | |||
r-devel-linux-x86_64-fedora-gcc | 1.1.2 | 245.67 | OK | |||
r-devel-windows-x86_64 | 1.1.2 | 38.00 | 214.00 | 252.00 | OK | |
r-patched-linux-x86_64 | 1.1.2 | 4.47 | 176.95 | 181.42 | OK | |
r-release-linux-x86_64 | 1.1.2 | 4.09 | 178.08 | 182.17 | OK | |
r-release-macos-arm64 | 1.1.2 | 14.00 | ERROR | |||
r-release-macos-x86_64 | 1.1.2 | 18.00 | ERROR | |||
r-release-windows-x86_64 | 1.1.2 | 67.00 | 217.00 | 284.00 | OK | |
r-oldrel-macos-arm64 | 1.1.2 | 21.00 | ERROR | |||
r-oldrel-macos-x86_64 | 1.1.2 | 24.00 | ERROR | |||
r-oldrel-windows-ix86+x86_64 | 1.1.2 | 11.00 | 232.00 | 243.00 | OK |
Version: 1.1.2
Check: package dependencies
Result: ERROR
Packages required but not available:
'BSgenome.Hsapiens.UCSC.hg19', 'BSgenome.Hsapiens.UCSC.hg38',
'BSgenome.Mmusculus.UCSC.mm9', 'BSgenome.Mmusculus.UCSC.mm10'
See section ‘The DESCRIPTION file’ in the ‘Writing R Extensions’
manual.
Flavors: r-release-macos-arm64, r-release-macos-x86_64
Version: 1.1.2
Check: package dependencies
Result: ERROR
Package required but not available: ‘BSgenome.Mmusculus.UCSC.mm10’
See section ‘The DESCRIPTION file’ in the ‘Writing R Extensions’
manual.
Flavors: r-oldrel-macos-arm64, r-oldrel-macos-x86_64