Last updated on 2022-08-15 08:49:50 CEST.
Flavor | Version | Tinstall | Tcheck | Ttotal | Status | Flags |
---|---|---|---|---|---|---|
r-devel-linux-x86_64-debian-clang | 1.3 | 16.01 | 151.95 | 167.96 | OK | |
r-devel-linux-x86_64-debian-gcc | 1.3 | 13.13 | 114.53 | 127.66 | OK | |
r-devel-linux-x86_64-fedora-clang | 1.3 | 209.13 | OK | |||
r-devel-linux-x86_64-fedora-gcc | 1.3 | 219.92 | OK | |||
r-devel-windows-x86_64 | 1.3 | 21.00 | 171.00 | 192.00 | OK | |
r-patched-linux-x86_64 | 1.3 | 12.58 | 146.23 | 158.81 | OK | |
r-release-linux-x86_64 | 1.3 | 11.91 | 146.94 | 158.85 | OK | |
r-release-macos-arm64 | 1.3 | 58.00 | OK | |||
r-release-macos-x86_64 | 1.3 | 95.00 | OK | |||
r-release-windows-x86_64 | 1.3 | 22.00 | 176.00 | 198.00 | OK | |
r-oldrel-macos-arm64 | 1.3 | 61.00 | OK | |||
r-oldrel-macos-x86_64 | 1.3 | 106.00 | OK | |||
r-oldrel-windows-ix86+x86_64 | 1.3 | 3.00 | 27.00 | 30.00 | ERROR |
Version: 1.3
Check: whether package can be installed
Result: ERROR
Installation failed.
Flavor: r-oldrel-windows-ix86+x86_64