Last updated on 2022-08-15 08:49:50 CEST.
Flavor | Version | Tinstall | Tcheck | Ttotal | Status | Flags |
---|---|---|---|---|---|---|
r-devel-linux-x86_64-debian-clang | 1.1.1 | 2.48 | 32.59 | 35.07 | NOTE | |
r-devel-linux-x86_64-debian-gcc | 1.1.1 | 1.95 | 24.79 | 26.74 | NOTE | |
r-devel-linux-x86_64-fedora-clang | 1.1.1 | 53.13 | NOTE | |||
r-devel-linux-x86_64-fedora-gcc | 1.1.1 | 54.28 | NOTE | |||
r-devel-windows-x86_64 | 1.1.1 | 7.00 | 60.00 | 67.00 | NOTE | |
r-patched-linux-x86_64 | 1.1.1 | 2.72 | 31.48 | 34.20 | NOTE | |
r-release-linux-x86_64 | 1.1.1 | 3.18 | 31.52 | 34.70 | NOTE | |
r-release-macos-arm64 | 1.1.1 | 18.00 | NOTE | |||
r-release-macos-x86_64 | 1.1.1 | 27.00 | NOTE | |||
r-release-windows-x86_64 | 1.1.1 | 7.00 | 59.00 | 66.00 | NOTE | |
r-oldrel-macos-arm64 | 1.1.1 | 22.00 | NOTE | |||
r-oldrel-macos-x86_64 | 1.1.1 | 32.00 | NOTE | |||
r-oldrel-windows-ix86+x86_64 | 1.1.1 | 6.00 | 56.00 | 62.00 | NOTE |
Version: 1.1.1
Check: LazyData
Result: NOTE
'LazyData' is specified without a 'data' directory
Flavors: r-devel-linux-x86_64-debian-clang, r-devel-linux-x86_64-debian-gcc, r-devel-linux-x86_64-fedora-clang, r-devel-linux-x86_64-fedora-gcc, r-devel-windows-x86_64, r-patched-linux-x86_64, r-release-linux-x86_64, r-release-macos-arm64, r-release-macos-x86_64, r-release-windows-x86_64, r-oldrel-macos-arm64, r-oldrel-macos-x86_64, r-oldrel-windows-ix86+x86_64