Last updated on 2022-08-15 08:49:50 CEST.
Flavor | Version | Tinstall | Tcheck | Ttotal | Status | Flags |
---|---|---|---|---|---|---|
r-devel-linux-x86_64-debian-clang | 0.9.5 | 31.35 | 119.29 | 150.64 | OK | |
r-devel-linux-x86_64-debian-gcc | 0.9.5 | 25.67 | 87.67 | 113.34 | OK | |
r-devel-linux-x86_64-fedora-clang | 0.9.5 | 206.05 | OK | |||
r-devel-linux-x86_64-fedora-gcc | 0.9.5 | 201.36 | OK | |||
r-devel-windows-x86_64 | 0.9.5 | 56.00 | 166.00 | 222.00 | OK | |
r-patched-linux-x86_64 | 0.9.5 | 29.42 | 110.21 | 139.63 | OK | |
r-release-linux-x86_64 | 0.9.5 | 28.62 | 110.26 | 138.88 | OK | |
r-release-macos-arm64 | 0.9.5 | 56.00 | OK | |||
r-release-macos-x86_64 | 0.9.5 | 71.00 | OK | |||
r-release-windows-x86_64 | 0.9.5 | 68.00 | 189.00 | 257.00 | OK | |
r-oldrel-macos-arm64 | 0.9.5 | 9.00 | ERROR | |||
r-oldrel-macos-x86_64 | 0.9.5 | 11.00 | ERROR | |||
r-oldrel-windows-ix86+x86_64 | 0.9.5 | 76.00 | 181.00 | 257.00 | OK |
Version: 0.9.5
Check: package dependencies
Result: ERROR
Package required and available but unsuitable version: ‘methods’
See section ‘The DESCRIPTION file’ in the ‘Writing R Extensions’
manual.
Flavors: r-oldrel-macos-arm64, r-oldrel-macos-x86_64