Last updated on 2022-08-15 08:49:50 CEST.
Flavor | Version | Tinstall | Tcheck | Ttotal | Status | Flags |
---|---|---|---|---|---|---|
r-devel-linux-x86_64-debian-clang | 1.2.1 | 277.10 | 107.36 | 384.46 | OK | |
r-devel-linux-x86_64-debian-gcc | 1.2.1 | 229.62 | 72.73 | 302.35 | OK | |
r-devel-linux-x86_64-fedora-clang | 1.2.1 | 531.35 | OK | |||
r-devel-linux-x86_64-fedora-gcc | 1.2.1 | 519.88 | OK | |||
r-devel-windows-x86_64 | 1.2.1 | 266.00 | 156.00 | 422.00 | OK | |
r-patched-linux-x86_64 | 1.2.1 | 239.75 | 87.97 | 327.72 | OK | |
r-release-linux-x86_64 | 1.2.1 | 233.37 | 87.10 | 320.47 | OK | |
r-release-macos-arm64 | 1.2.1 | 120.00 | NOTE | |||
r-release-macos-x86_64 | 1.2.1 | 155.00 | NOTE | |||
r-release-windows-x86_64 | 1.2.1 | 288.00 | 153.00 | 441.00 | OK | |
r-oldrel-macos-arm64 | 1.2.1 | 110.00 | NOTE | |||
r-oldrel-macos-x86_64 | 1.2.1 | 162.00 | NOTE | |||
r-oldrel-windows-ix86+x86_64 | 1.2.1 | 638.00 | 157.00 | 795.00 | NOTE |
Version: 1.2.1
Check: installed package size
Result: NOTE
installed size is 18.7Mb
sub-directories of 1Mb or more:
libs 17.5Mb
Flavors: r-release-macos-arm64, r-release-macos-x86_64, r-oldrel-macos-arm64, r-oldrel-macos-x86_64, r-oldrel-windows-ix86+x86_64