Last updated on 2022-08-15 08:49:50 CEST.
Flavor | Version | Tinstall | Tcheck | Ttotal | Status | Flags |
---|---|---|---|---|---|---|
r-devel-linux-x86_64-debian-clang | 0.1.4.4 | 290.71 | 256.96 | 547.67 | NOTE | |
r-devel-linux-x86_64-debian-gcc | 0.1.4.4 | 248.57 | 188.33 | 436.90 | NOTE | |
r-devel-linux-x86_64-fedora-clang | 0.1.4.4 | 740.73 | NOTE | |||
r-devel-linux-x86_64-fedora-gcc | 0.1.4.4 | 736.60 | NOTE | |||
r-devel-windows-x86_64 | 0.1.4.4 | 265.00 | 329.00 | 594.00 | NOTE | |
r-patched-linux-x86_64 | 0.1.4.4 | 265.63 | 244.67 | 510.30 | NOTE | |
r-release-linux-x86_64 | 0.1.4.4 | 262.08 | 246.65 | 508.73 | NOTE | |
r-release-macos-arm64 | 0.1.4.4 | 159.00 | NOTE | |||
r-release-macos-x86_64 | 0.1.4.4 | 235.00 | NOTE | |||
r-release-windows-x86_64 | 0.1.4.4 | 238.00 | 322.00 | 560.00 | NOTE | |
r-oldrel-macos-arm64 | 0.1.4.4 | 185.00 | NOTE | |||
r-oldrel-macos-x86_64 | 0.1.4.4 | 355.00 | NOTE | |||
r-oldrel-windows-ix86+x86_64 | 0.1.4.4 | 644.00 | 452.00 | 1096.00 | NOTE |
Version: 0.1.4.4
Check: LazyData
Result: NOTE
'LazyData' is specified without a 'data' directory
Flavors: r-devel-linux-x86_64-debian-clang, r-devel-linux-x86_64-debian-gcc, r-devel-linux-x86_64-fedora-clang, r-devel-linux-x86_64-fedora-gcc, r-devel-windows-x86_64, r-patched-linux-x86_64, r-release-linux-x86_64, r-release-macos-arm64, r-release-macos-x86_64, r-release-windows-x86_64, r-oldrel-macos-arm64, r-oldrel-macos-x86_64, r-oldrel-windows-ix86+x86_64
Version: 0.1.4.4
Check: installed package size
Result: NOTE
installed size is 25.9Mb
sub-directories of 1Mb or more:
libs 24.5Mb
Flavors: r-release-macos-arm64, r-release-macos-x86_64, r-oldrel-macos-arm64, r-oldrel-macos-x86_64, r-oldrel-windows-ix86+x86_64