Last updated on 2022-08-15 08:49:50 CEST.
Flavor | Version | Tinstall | Tcheck | Ttotal | Status | Flags |
---|---|---|---|---|---|---|
r-devel-linux-x86_64-debian-clang | 2.0 | 4.38 | 87.15 | 91.53 | NOTE | |
r-devel-linux-x86_64-debian-gcc | 2.0 | 3.49 | 67.76 | 71.25 | NOTE | |
r-devel-linux-x86_64-fedora-clang | 2.0 | 121.78 | NOTE | |||
r-devel-linux-x86_64-fedora-gcc | 2.0 | 125.20 | NOTE | |||
r-devel-windows-x86_64 | 2.0 | 380.00 | 133.00 | 513.00 | NOTE | |
r-patched-linux-x86_64 | 2.0 | 4.93 | 85.01 | 89.94 | OK | |
r-release-linux-x86_64 | 2.0 | 4.65 | 85.97 | 90.62 | OK | |
r-release-macos-arm64 | 2.0 | 44.00 | OK | |||
r-release-macos-x86_64 | 2.0 | 78.00 | OK | |||
r-release-windows-x86_64 | 2.0 | 477.00 | 135.00 | 612.00 | OK | |
r-oldrel-macos-arm64 | 2.0 | 51.00 | OK | |||
r-oldrel-macos-x86_64 | 2.0 | 86.00 | OK | |||
r-oldrel-windows-ix86+x86_64 | 2.0 | 16.00 | 125.00 | 141.00 | OK |
Version: 2.0
Check: Rd files
Result: NOTE
checkRd: (-1) AncestryMapper2.0-package.Rd:33: Escaped LaTeX specials: \~
checkRd: (-1) AncestryMapper2.0-package.Rd:38: Escaped LaTeX specials: \~
Flavors: r-devel-linux-x86_64-debian-clang, r-devel-linux-x86_64-debian-gcc, r-devel-linux-x86_64-fedora-clang, r-devel-linux-x86_64-fedora-gcc, r-devel-windows-x86_64