Last updated on 2022-08-15 08:49:50 CEST.
Flavor | Version | Tinstall | Tcheck | Ttotal | Status | Flags |
---|---|---|---|---|---|---|
r-devel-linux-x86_64-debian-clang | 1.2 | 63.74 | 266.00 | 329.74 | OK | |
r-devel-linux-x86_64-debian-gcc | 1.2 | 53.10 | 193.39 | 246.49 | OK | |
r-devel-linux-x86_64-fedora-clang | 1.2 | 414.94 | NOTE | |||
r-devel-linux-x86_64-fedora-gcc | 1.2 | 437.05 | OK | |||
r-devel-windows-x86_64 | 1.2 | 63.00 | 230.00 | 293.00 | NOTE | |
r-patched-linux-x86_64 | 1.2 | 55.91 | 252.70 | 308.61 | OK | |
r-release-linux-x86_64 | 1.2 | 50.54 | 257.06 | 307.60 | OK | |
r-release-macos-arm64 | 1.2 | 103.00 | NOTE | |||
r-release-macos-x86_64 | 1.2 | 227.00 | NOTE | |||
r-release-windows-x86_64 | 1.2 | 63.00 | 232.00 | 295.00 | NOTE | |
r-oldrel-macos-arm64 | 1.2 | 139.00 | NOTE | |||
r-oldrel-macos-x86_64 | 1.2 | 244.00 | NOTE | |||
r-oldrel-windows-ix86+x86_64 | 1.2 | 128.00 | 272.00 | 400.00 | WARN |
Version: 1.2
Check: installed package size
Result: NOTE
installed size is 35.4Mb
sub-directories of 1Mb or more:
R 35.3Mb
Flavors: r-devel-linux-x86_64-fedora-clang, r-devel-windows-x86_64, r-release-macos-arm64, r-release-macos-x86_64, r-release-windows-x86_64, r-oldrel-macos-arm64, r-oldrel-macos-x86_64, r-oldrel-windows-ix86+x86_64
Version: 1.2
Check: whether package can be installed
Result: WARN
Found the following significant warnings:
Warning: namespace 'caret' is not available and has been replaced
Flavor: r-oldrel-windows-ix86+x86_64