Last updated on 2022-08-15 08:49:50 CEST.
Flavor | Version | Tinstall | Tcheck | Ttotal | Status | Flags |
---|---|---|---|---|---|---|
r-devel-linux-x86_64-debian-clang | 1.1.0 | 73.07 | 347.48 | 420.55 | OK | |
r-devel-linux-x86_64-debian-gcc | 1.1.0 | 60.36 | 347.18 | 407.54 | OK | |
r-devel-linux-x86_64-fedora-clang | 1.1.0 | 469.51 | NOTE | |||
r-devel-linux-x86_64-fedora-gcc | 1.1.0 | 487.42 | NOTE | |||
r-devel-windows-x86_64 | 1.1.0 | 73.00 | 365.00 | 438.00 | OK | |
r-patched-linux-x86_64 | 1.1.0 | 55.04 | 333.77 | 388.81 | OK | |
r-release-linux-x86_64 | 1.1.0 | 48.93 | 330.48 | 379.41 | OK | |
r-release-macos-arm64 | 1.1.0 | 119.00 | NOTE | |||
r-release-macos-x86_64 | 1.1.0 | 203.00 | NOTE | |||
r-release-windows-x86_64 | 1.1.0 | 83.00 | 365.00 | 448.00 | OK | |
r-oldrel-macos-arm64 | 1.1.0 | 136.00 | NOTE | |||
r-oldrel-macos-x86_64 | 1.1.0 | 148.00 | NOTE | |||
r-oldrel-windows-ix86+x86_64 | 1.1.0 | 170.00 | 688.00 | 858.00 | OK |
Version: 1.1.0
Check: dependencies in R code
Result: NOTE
Namespaces in Imports field not imported from:
‘Rdpack’ ‘mcclust’
All declared Imports should be used.
Flavors: r-devel-linux-x86_64-fedora-clang, r-devel-linux-x86_64-fedora-gcc, r-release-macos-arm64, r-release-macos-x86_64, r-oldrel-macos-arm64, r-oldrel-macos-x86_64
Version: 1.1.0
Check: installed package size
Result: NOTE
installed size is 5.7Mb
sub-directories of 1Mb or more:
libs 5.4Mb
Flavors: r-release-macos-arm64, r-release-macos-x86_64, r-oldrel-macos-arm64, r-oldrel-macos-x86_64