Last updated on 2022-08-15 08:49:51 CEST.
Flavor | Version | Tinstall | Tcheck | Ttotal | Status | Flags |
---|---|---|---|---|---|---|
r-devel-linux-x86_64-debian-clang | 0.3.0 | 14.32 | 377.26 | 391.58 | OK | |
r-devel-linux-x86_64-debian-gcc | 0.3.0 | 12.10 | 289.78 | 301.88 | OK | |
r-devel-linux-x86_64-fedora-clang | 0.3.0 | 471.48 | NOTE | |||
r-devel-linux-x86_64-fedora-gcc | 0.3.0 | 474.71 | NOTE | |||
r-devel-windows-x86_64 | 0.3.0 | 31.00 | 428.00 | 459.00 | OK | |
r-patched-linux-x86_64 | 0.3.0 | 12.44 | 363.40 | 375.84 | OK | |
r-release-linux-x86_64 | 0.3.0 | 12.11 | 360.81 | 372.92 | OK | |
r-release-macos-arm64 | 0.3.0 | 164.00 | NOTE | |||
r-release-macos-x86_64 | 0.3.0 | 261.00 | NOTE | |||
r-release-windows-x86_64 | 0.3.0 | 27.00 | 423.00 | 450.00 | OK | |
r-oldrel-macos-arm64 | 0.3.0 | 159.00 | NOTE | |||
r-oldrel-macos-x86_64 | 0.3.0 | 219.00 | NOTE | |||
r-oldrel-windows-ix86+x86_64 | 0.3.0 | 30.00 | 443.00 | 473.00 | OK |
Version: 0.3.0
Check: dependencies in R code
Result: NOTE
Namespace in Imports field not imported from: ‘rpart’
All declared Imports should be used.
Flavors: r-devel-linux-x86_64-fedora-clang, r-devel-linux-x86_64-fedora-gcc, r-release-macos-arm64, r-release-macos-x86_64, r-oldrel-macos-arm64, r-oldrel-macos-x86_64