Last updated on 2022-08-15 08:49:51 CEST.
Flavor | Version | Tinstall | Tcheck | Ttotal | Status | Flags |
---|---|---|---|---|---|---|
r-devel-linux-x86_64-debian-clang | 1.0.6 | 12.13 | 76.57 | 88.70 | NOTE | |
r-devel-linux-x86_64-debian-gcc | 1.0.6 | 9.09 | 57.31 | 66.40 | NOTE | |
r-devel-linux-x86_64-fedora-clang | 1.0.6 | 122.56 | NOTE | |||
r-devel-linux-x86_64-fedora-gcc | 1.0.6 | 120.63 | NOTE | |||
r-devel-windows-x86_64 | 1.0.6 | 121.00 | 100.00 | 221.00 | OK | |
r-patched-linux-x86_64 | 1.0.6 | 15.28 | 71.27 | 86.55 | OK | |
r-release-linux-x86_64 | 1.0.6 | 9.67 | 69.88 | 79.55 | OK | |
r-release-macos-arm64 | 1.0.6 | 30.00 | NOTE | |||
r-release-macos-x86_64 | 1.0.6 | 56.00 | NOTE | |||
r-release-windows-x86_64 | 1.0.6 | 109.00 | 102.00 | 211.00 | OK | |
r-oldrel-macos-arm64 | 1.0.6 | 37.00 | NOTE | |||
r-oldrel-macos-x86_64 | 1.0.6 | 45.00 | NOTE | |||
r-oldrel-windows-ix86+x86_64 | 1.0.6 | 24.00 | 91.00 | 115.00 | OK |
Version: 1.0.6
Check: HTML version of manual
Result: NOTE
Found the following HTML validation problems:
az_kusto.html:144:6: Warning: missing </span> before <p>
az_kusto.html:144:107: Warning: inserting implicit <span>
az_kusto.html:147:6: Warning: missing </span> before <p>
az_kusto.html:147:99: Warning: inserting implicit <span>
az_kusto.html:150:6: Warning: missing </span> before <p>
az_kusto.html:150:94: Warning: inserting implicit <span>
az_kusto.html:153:6: Warning: missing </span> before <p>
az_kusto.html:153:99: Warning: inserting implicit <span>
az_kusto.html:156:6: Warning: missing </span> before <p>
az_kusto.html:156:100: Warning: inserting implicit <span>
az_kusto.html:159:6: Warning: missing </span> before <p>
az_kusto.html:159:103: Warning: inserting implicit <span>
az_kusto.html:162:6: Warning: missing </span> before <p>
az_kusto.html:162:96: Warning: inserting implicit <span>
az_kusto.html:165:6: Warning: missing </span> before <p>
az_kusto.html:165:107: Warning: inserting implicit <span>
az_kusto.html:168:6: Warning: missing </span> before <p>
az_kusto.html:168:107: Warning: inserting implicit <span>
az_kusto.html:171:6: Warning: missing </span> before <p>
az_kusto.html:171:96: Warning: inserting implicit <span>
az_kusto.html:174:6: Warning: missing </span> before <p>
az_kusto.html:174:98: Warning: inserting implicit <span>
az_kusto.html:177:6: Warning: missing </span> before <p>
az_kusto.html:177:98: Warning: inserting implicit <span>
az_kusto.html:180:6: Warning: missing </span> before <p>
az_kusto.html:180:109: Warning: inserting implicit <span>
az_kusto.html:183:6: Warning: missing </span> before <p>
az_kusto.html:183:109: Warning: inserting implicit <span>
az_kusto.html:186:6: Warning: missing </span> before <p>
az_kusto.html:186:93: Warning: inserting implicit <span>
az_kusto.html:189:6: Warning: missing </span> before <p>
az_kusto.html:189:110: Warning: inserting implicit <span>
az_kusto.html:192:6: Warning: missing </span> before <p>
az_kusto.html:192:103: Warning: inserting implicit <span>
az_kusto.html:195:6: Warning: missing </span> before <p>
az_kusto.html:195:96: Warning: inserting implicit <span>
az_kusto.html:198:6: Warning: missing </span> before <p>
az_kusto.html:198:99: Warning: inserting implicit <span>
az_kusto.html:201:6: Warning: missing </span> before <p>
az_kusto.html:201:94: Warning: inserting implicit <span>
az_kusto.html:144:6: Warning: trimming empty <span>
az_kusto.html:147:6: Warning: trimming empty <span>
az_kusto.html:150:6: Warning: trimming empty <span>
az_kusto.html:153:6: Warning: trimming empty <span>
az_kusto.html:156:6: Warning: trimming empty <span>
az_kusto.html:159:6: Warning: trimming empty <span>
az_kusto.html:162:6: Warning: trimming empty <span>
az_kusto.html:165:6: Warning: trimming empty <span>
az_kusto.html:168:6: Warning: trimming empty <span>
az_kusto.html:171:6: Warning: trimming empty <span>
az_kusto.html:174:6: Warning: trimming empty <span>
az_kusto.html:177:6: Warning: trimming empty <span>
az_kusto.html:180:6: Warning: trimming empty <span>
az_kusto.html:183:6: Warning: trimming empty <span>
az_kusto.html:186:6: Warning: trimming empty <span>
az_kusto.html:189:6: Warning: trimming empty <span>
az_kusto.html:192:6: Warning: trimming empty <span>
az_kusto.html:195:6: Warning: trimming empty <span>
az_kusto.html:198:6: Warning: trimming empty <span>
az_kusto.html:201:6: Warning: trimming empty <span>
az_kusto_database.html:132:6: Warning: missing </span> before <p>
az_kusto_database.html:132:107: Warning: inserting implicit <span>
az_kusto_database.html:135:6: Warning: missing </span> before <p>
az_kusto_database.html:135:99: Warning: inserting implicit <span>
az_kusto_database.html:138:6: Warning: missing </span> before <p>
az_kusto_database.html:138:99: Warning: inserting implicit <span>
az_kusto_database.html:141:6: Warning: missing </span> before <p>
az_kusto_database.html:141:100: Warning: inserting implicit <span>
az_kusto_database.html:144:6: Warning: missing </span> before <p>
az_kusto_database.html:144:103: Warning: inserting implicit <span>
az_kusto_database.html:147:6: Warning: missing </span> before <p>
az_kusto_database.html:147:96: Warning: inserting implicit <span>
az_kusto_database.html:150:6: Warning: missing </span> before <p>
az_kusto_database.html:150:107: Warning: inserting implicit <span>
az_kusto_database.html:153:6: Warning: missing </span> before <p>
az_kusto_database.html:153:107: Warning: inserting implicit <span>
az_kusto_database.html:156:6: Warning: missing </span> before <p>
az_kusto_database.html:156:96: Warning: inserting implicit <span>
az_kusto_database.html:159:6: Warning: missing </span> before <p>
az_kusto_database.html:159:98: Warning: inserting implicit <span>
az_kusto_database.html:162:6: Warning: missing </span> before <p>
az_kusto_database.html:162:109: Warning: inserting implicit <span>
az_kusto_database.html:165:6: Warning: missing </span> before <p>
az_kusto_database.html:165:109: Warning: inserting implicit <span>
az_kusto_database.html:168:6: Warning: missing </span> before <p>
az_kusto_database.html:168:93: Warning: inserting implicit <span>
az_kusto_database.html:171:6: Warning: missing </span> before <p>
az_kusto_database.html:171:110: Warning: inserting implicit <span>
az_kusto_database.html:174:6: Warning: missing </span> before <p>
az_kusto_database.html:174:103: Warning: inserting implicit <span>
az_kusto_database.html:177:6: Warning: missing </span> before <p>
az_kusto_database.html:177:96: Warning: inserting implicit <span>
az_kusto_database.html:180:6: Warning: missing </span> before <p>
az_kusto_database.html:180:99: Warning: inserting implicit <span>
az_kusto_database.html:183:6: Warning: missing </span> before <p>
az_kusto_database.html:183:94: Warning: inserting implicit <span>
az_kusto_database.html:132:6: Warning: trimming empty <span>
az_kusto_database.html:135:6: Warning: trimming empty <span>
az_kusto_database.html:138:6: Warning: trimming empty <span>
az_kusto_database.html:141:6: Warning: trimming empty <span>
az_kusto_database.html:144:6: Warning: trimming empty <span>
az_kusto_database.html:147:6: Warning: trimming empty <span>
az_kusto_database.html:150:6: Warning: trimming empty <span>
az_kusto_database.html:153:6: Warning: trimming empty <span>
az_kusto_database.html:156:6: Warning: trimming empty <span>
az_kusto_database.html:159:6: Warning: trimming empty <span>
az_kusto_database.html:162:6: Warning: trimming empty <span>
az_kusto_database.html:165:6: Warning: trimming empty <span>
az_kusto_database.html:168:6: Warning: trimming empty <span>
az_kusto_database.html:171:6: Warning: trimming empty <span>
az_kusto_database.html:174:6: Warning: trimming empty <span>
az_kusto_database.html:177:6: Warning: trimming empty <span>
az_kusto_database.html:180:6: Warning: trimming empty <span>
az_kusto_database.html:183:6: Warning: trimming empty <span>
Flavors: r-devel-linux-x86_64-debian-clang, r-devel-linux-x86_64-debian-gcc, r-devel-linux-x86_64-fedora-clang, r-devel-linux-x86_64-fedora-gcc
Version: 1.0.6
Check: dependencies in R code
Result: NOTE
Namespace in Imports field not imported from: ‘tibble’
All declared Imports should be used.
Flavors: r-devel-linux-x86_64-fedora-clang, r-devel-linux-x86_64-fedora-gcc, r-release-macos-arm64, r-release-macos-x86_64, r-oldrel-macos-arm64, r-oldrel-macos-x86_64