Last updated on 2022-08-15 08:49:51 CEST.
Flavor | Version | Tinstall | Tcheck | Ttotal | Status | Flags |
---|---|---|---|---|---|---|
r-devel-linux-x86_64-debian-clang | 1.0.1 | 4.86 | 29.22 | 34.08 | OK | |
r-devel-linux-x86_64-debian-gcc | 1.0.1 | 2.59 | 22.52 | 25.11 | OK | |
r-devel-linux-x86_64-fedora-clang | 1.0.1 | 51.35 | NOTE | |||
r-devel-linux-x86_64-fedora-gcc | 1.0.1 | 50.50 | NOTE | |||
r-devel-windows-x86_64 | 1.0.1 | 19.00 | 58.00 | 77.00 | OK | |
r-patched-linux-x86_64 | 1.0.1 | 9.71 | 27.92 | 37.63 | OK | |
r-release-linux-x86_64 | 1.0.1 | 2.64 | 28.56 | 31.20 | OK | |
r-release-macos-arm64 | 1.0.1 | 19.00 | NOTE | |||
r-release-macos-x86_64 | 1.0.1 | 28.00 | NOTE | |||
r-release-windows-x86_64 | 1.0.1 | 18.00 | 61.00 | 79.00 | OK | |
r-oldrel-macos-arm64 | 1.0.1 | 22.00 | NOTE | |||
r-oldrel-macos-x86_64 | 1.0.1 | 32.00 | NOTE | |||
r-oldrel-windows-ix86+x86_64 | 1.0.1 | 9.00 | 48.00 | 57.00 | OK |
Version: 1.0.1
Check: dependencies in R code
Result: NOTE
Namespaces in Imports field not imported from:
‘httr’ ‘openssl’
All declared Imports should be used.
Flavors: r-devel-linux-x86_64-fedora-clang, r-devel-linux-x86_64-fedora-gcc, r-release-macos-arm64, r-release-macos-x86_64, r-oldrel-macos-arm64, r-oldrel-macos-x86_64