Last updated on 2022-08-15 08:49:51 CEST.
Flavor | Version | Tinstall | Tcheck | Ttotal | Status | Flags |
---|---|---|---|---|---|---|
r-devel-linux-x86_64-debian-clang | 0.2.10 | 23.10 | 220.26 | 243.36 | NOTE | |
r-devel-linux-x86_64-debian-gcc | 0.2.10 | 16.86 | 158.45 | 175.31 | NOTE | |
r-devel-linux-x86_64-fedora-clang | 0.2.10 | 285.15 | NOTE | |||
r-devel-linux-x86_64-fedora-gcc | 0.2.10 | 292.59 | NOTE | |||
r-devel-windows-x86_64 | 0.2.10 | 49.00 | 232.00 | 281.00 | OK | |
r-patched-linux-x86_64 | 0.2.10 | 22.76 | 205.22 | 227.98 | NOTE | |
r-release-linux-x86_64 | 0.2.10 | 22.23 | 207.34 | 229.57 | NOTE | |
r-release-macos-arm64 | 0.2.10 | 71.00 | NOTE | |||
r-release-macos-x86_64 | 0.2.10 | 99.00 | NOTE | |||
r-release-windows-x86_64 | 0.2.10 | 44.00 | 230.00 | 274.00 | OK | |
r-oldrel-macos-arm64 | 0.2.10 | 90.00 | NOTE | |||
r-oldrel-macos-x86_64 | 0.2.10 | 139.00 | NOTE | |||
r-oldrel-windows-ix86+x86_64 | 0.2.10 | 45.00 | 231.00 | 276.00 | OK |
Version: 0.2.10
Check: for non-standard things in the check directory
Result: NOTE
Found the following files/directories:
'exemplary_input1.txt' 'exemplary_input2.txt'
Flavors: r-devel-linux-x86_64-debian-clang, r-devel-linux-x86_64-debian-gcc, r-devel-linux-x86_64-fedora-clang, r-devel-linux-x86_64-fedora-gcc, r-patched-linux-x86_64, r-release-linux-x86_64
Version: 0.2.10
Check: dependencies in R code
Result: NOTE
Namespace in Imports field not imported from: ‘base’
All declared Imports should be used.
Flavors: r-devel-linux-x86_64-fedora-clang, r-devel-linux-x86_64-fedora-gcc, r-release-macos-arm64, r-release-macos-x86_64, r-oldrel-macos-arm64, r-oldrel-macos-x86_64