Last updated on 2022-08-15 08:49:51 CEST.
Flavor | Version | Tinstall | Tcheck | Ttotal | Status | Flags |
---|---|---|---|---|---|---|
r-devel-linux-x86_64-debian-clang | 2.3.3 | 112.97 | 147.92 | 260.89 | NOTE | |
r-devel-linux-x86_64-debian-gcc | 2.3.3 | 91.08 | 111.66 | 202.74 | NOTE | |
r-devel-linux-x86_64-fedora-clang | 2.3.3 | 375.89 | NOTE | |||
r-devel-linux-x86_64-fedora-gcc | 2.3.3 | 358.05 | NOTE | |||
r-devel-windows-x86_64 | 2.3.3 | 112.00 | 194.00 | 306.00 | OK | |
r-patched-linux-x86_64 | 2.3.3 | 108.74 | 142.17 | 250.91 | OK | |
r-release-linux-x86_64 | 2.3.3 | 102.03 | 141.37 | 243.40 | OK | |
r-release-macos-arm64 | 2.3.3 | 74.00 | NOTE | |||
r-release-macos-x86_64 | 2.3.3 | 116.00 | NOTE | |||
r-release-windows-x86_64 | 2.3.3 | 112.00 | 196.00 | 308.00 | OK | |
r-oldrel-macos-arm64 | 2.3.3 | 88.00 | NOTE | |||
r-oldrel-macos-x86_64 | 2.3.3 | 111.00 | NOTE | |||
r-oldrel-windows-ix86+x86_64 | 2.3.3 | 274.00 | 237.00 | 511.00 | OK |
Version: 2.3.3
Check: HTML version of manual
Result: NOTE
Found the following HTML validation problems:
rwnorm2.html:111:126: Warning: trimming empty <code>
rwnorm2.html:115:73: Warning: trimming empty <code>
rwnorm2.html:115:146: Warning: trimming empty <code>
rwnorm2.html:115:211: Warning: trimming empty <code>
rwnorm2.html:119:126: Warning: trimming empty <code>
Flavors: r-devel-linux-x86_64-debian-clang, r-devel-linux-x86_64-debian-gcc, r-devel-linux-x86_64-fedora-clang, r-devel-linux-x86_64-fedora-gcc
Version: 2.3.3
Check: dependencies in R code
Result: NOTE
Namespace in Imports field not imported from: ‘stats4’
All declared Imports should be used.
Flavors: r-devel-linux-x86_64-fedora-clang, r-devel-linux-x86_64-fedora-gcc, r-release-macos-arm64, r-release-macos-x86_64, r-oldrel-macos-arm64, r-oldrel-macos-x86_64
Version: 2.3.3
Check: installed package size
Result: NOTE
installed size is 5.7Mb
sub-directories of 1Mb or more:
libs 5.1Mb
Flavor: r-oldrel-macos-arm64