Last updated on 2022-08-15 08:49:51 CEST.
Flavor | Version | Tinstall | Tcheck | Ttotal | Status | Flags |
---|---|---|---|---|---|---|
r-devel-linux-x86_64-debian-clang | 1.2.2 | 11.55 | 85.93 | 97.48 | OK | --no-vignettes |
r-devel-linux-x86_64-debian-gcc | 1.2.2 | 7.94 | 62.42 | 70.36 | OK | --no-vignettes |
r-devel-linux-x86_64-fedora-clang | 1.2.2 | 118.48 | OK | --no-vignettes | ||
r-devel-linux-x86_64-fedora-gcc | 1.2.2 | 120.02 | OK | --no-vignettes | ||
r-devel-windows-x86_64 | 1.2.2 | 33.00 | 121.00 | 154.00 | OK | --no-vignettes |
r-patched-linux-x86_64 | 1.2.2 | 7.06 | 80.32 | 87.38 | OK | --no-vignettes |
r-release-linux-x86_64 | 1.2.2 | 8.75 | 79.35 | 88.10 | OK | --no-vignettes |
r-release-macos-arm64 | 1.2.2 | 1190.00 | OK | |||
r-release-macos-x86_64 | 1.2.2 | 1803.00 | ERROR | |||
r-release-windows-x86_64 | 1.2.2 | 28.00 | 120.00 | 148.00 | OK | --no-vignettes |
r-oldrel-macos-arm64 | 1.2.2 | 1157.00 | OK | |||
r-oldrel-macos-x86_64 | 1.2.2 | 1803.00 | OK | |||
r-oldrel-windows-ix86+x86_64 | 1.2.2 | 16.00 | 117.00 | 133.00 | OK | --no-vignettes |
Version: 1.2.2
Check: re-building of vignette outputs
Result: ERROR
Error(s) in re-building vignettes:
...
--- re-building ‘article4.Rnw’ using knitr
Execution halted
* checking PDF version of manual ...* using check arguments '--no-clean-on-error '
Flavor: r-release-macos-x86_64