Last updated on 2022-08-15 08:49:51 CEST.
Flavor | Version | Tinstall | Tcheck | Ttotal | Status | Flags |
---|---|---|---|---|---|---|
r-devel-linux-x86_64-debian-clang | 0.0.4 | 21.50 | 227.74 | 249.24 | NOTE | |
r-devel-linux-x86_64-debian-gcc | 0.0.4 | 19.31 | 169.68 | 188.99 | NOTE | |
r-devel-linux-x86_64-fedora-clang | 0.0.4 | 298.13 | NOTE | |||
r-devel-linux-x86_64-fedora-gcc | 0.0.4 | 312.39 | NOTE | |||
r-devel-windows-x86_64 | 0.0.4 | 26.00 | 211.00 | 237.00 | NOTE | |
r-patched-linux-x86_64 | 0.0.4 | 22.45 | 225.05 | 247.50 | NOTE | |
r-release-linux-x86_64 | 0.0.4 | 22.63 | 218.85 | 241.48 | NOTE | |
r-release-macos-arm64 | 0.0.4 | 75.00 | NOTE | |||
r-release-macos-x86_64 | 0.0.4 | 148.00 | NOTE | |||
r-release-windows-x86_64 | 0.0.4 | 25.00 | 211.00 | 236.00 | NOTE | |
r-oldrel-macos-arm64 | 0.0.4 | 106.00 | NOTE | |||
r-oldrel-macos-x86_64 | 0.0.4 | 149.00 | NOTE | |||
r-oldrel-windows-ix86+x86_64 | 0.0.4 | 49.00 | 217.00 | 266.00 | NOTE |
Version: 0.0.4
Check: LazyData
Result: NOTE
'LazyData' is specified without a 'data' directory
Flavors: r-devel-linux-x86_64-debian-clang, r-devel-linux-x86_64-debian-gcc, r-devel-linux-x86_64-fedora-clang, r-devel-linux-x86_64-fedora-gcc, r-devel-windows-x86_64, r-patched-linux-x86_64, r-release-linux-x86_64, r-release-macos-arm64, r-release-macos-x86_64, r-release-windows-x86_64, r-oldrel-macos-arm64, r-oldrel-macos-x86_64, r-oldrel-windows-ix86+x86_64