Last updated on 2022-08-15 08:49:51 CEST.
Flavor | Version | Tinstall | Tcheck | Ttotal | Status | Flags |
---|---|---|---|---|---|---|
r-devel-linux-x86_64-debian-clang | 0.2 | 13.29 | 89.38 | 102.67 | OK | |
r-devel-linux-x86_64-debian-gcc | 0.2 | 8.75 | 67.55 | 76.30 | OK | |
r-devel-linux-x86_64-fedora-clang | 0.2 | 131.21 | NOTE | |||
r-devel-linux-x86_64-fedora-gcc | 0.2 | 133.42 | NOTE | |||
r-devel-windows-x86_64 | 0.2 | 27.00 | 107.00 | 134.00 | OK | |
r-patched-linux-x86_64 | 0.2 | 13.04 | 83.51 | 96.55 | OK | |
r-release-linux-x86_64 | 0.2 | 11.58 | 85.19 | 96.77 | OK | |
r-release-macos-arm64 | 0.2 | 39.00 | NOTE | |||
r-release-macos-x86_64 | 0.2 | 63.00 | NOTE | |||
r-release-windows-x86_64 | 0.2 | 31.00 | 114.00 | 145.00 | OK | |
r-oldrel-macos-arm64 | 0.2 | 44.00 | NOTE | |||
r-oldrel-macos-x86_64 | 0.2 | 74.00 | NOTE | |||
r-oldrel-windows-ix86+x86_64 | 0.2 | 25.00 | 108.00 | 133.00 | OK |
Version: 0.2
Check: dependencies in R code
Result: NOTE
Namespaces in Imports field not imported from:
‘locfit’ ‘secr’
All declared Imports should be used.
Flavors: r-devel-linux-x86_64-fedora-clang, r-devel-linux-x86_64-fedora-gcc, r-release-macos-arm64, r-release-macos-x86_64, r-oldrel-macos-arm64, r-oldrel-macos-x86_64