Last updated on 2022-08-15 08:49:51 CEST.
Flavor | Version | Tinstall | Tcheck | Ttotal | Status | Flags |
---|---|---|---|---|---|---|
r-devel-linux-x86_64-debian-clang | 1.12 | 7.13 | 58.28 | 65.41 | NOTE | |
r-devel-linux-x86_64-debian-gcc | 1.12 | 4.54 | 42.66 | 47.20 | NOTE | |
r-devel-linux-x86_64-fedora-clang | 1.12 | 90.93 | NOTE | |||
r-devel-linux-x86_64-fedora-gcc | 1.12 | 88.71 | NOTE | |||
r-devel-windows-x86_64 | 1.12 | 88.00 | 89.00 | 177.00 | OK | |
r-patched-linux-x86_64 | 1.12 | 5.76 | 50.69 | 56.45 | OK | |
r-release-linux-x86_64 | 1.12 | 7.01 | 51.27 | 58.28 | OK | |
r-release-macos-arm64 | 1.12 | 32.00 | OK | |||
r-release-macos-x86_64 | 1.12 | 45.00 | OK | |||
r-release-windows-x86_64 | 1.12 | 57.00 | 88.00 | 145.00 | OK | |
r-oldrel-macos-arm64 | 1.12 | 31.00 | OK | |||
r-oldrel-macos-x86_64 | 1.12 | 47.00 | OK | |||
r-oldrel-windows-ix86+x86_64 | 1.12 | 16.00 | 109.00 | 125.00 | OK |
Version: 1.12
Check: HTML version of manual
Result: NOTE
Found the following HTML validation problems:
makeProgressBar.html:110:38: Warning: <code> is probably intended as </code>
makeProgressBar.html:110:83: Warning: discarding unexpected </code>
makeProgressBar.html:110:91: Warning: discarding unexpected </code>
makeProgressBar.html:114:38: Warning: <code> is probably intended as </code>
makeProgressBar.html:114:83: Warning: discarding unexpected </code>
makeProgressBar.html:114:91: Warning: discarding unexpected </code>
makeProgressBar.html:118:38: Warning: <code> is probably intended as </code>
makeProgressBar.html:118:79: Warning: discarding unexpected </code>
makeProgressBar.html:118:87: Warning: discarding unexpected </code>
makeProgressBar.html:122:38: Warning: <code> is probably intended as </code>
makeProgressBar.html:122:68: Warning: discarding unexpected </code>
makeProgressBar.html:122:76: Warning: discarding unexpected </code>
makeSimpleFileLogger.html:62:38: Warning: <code> is probably intended as </code>
makeSimpleFileLogger.html:62:68: Warning: discarding unexpected </code>
makeSimpleFileLogger.html:62:76: Warning: discarding unexpected </code>
makeSimpleFileLogger.html:66:38: Warning: <code> is probably intended as </code>
makeSimpleFileLogger.html:66:74: Warning: discarding unexpected </code>
makeSimpleFileLogger.html:66:82: Warning: discarding unexpected </code>
makeSimpleFileLogger.html:70:38: Warning: <code> is probably intended as </code>
makeSimpleFileLogger.html:70:67: Warning: discarding unexpected </code>
makeSimpleFileLogger.html:70:75: Warning: discarding unexpected </code>
makeSimpleFileLogger.html:74:38: Warning: <code> is probably intended as </code>
makeSimpleFileLogger.html:74:69: Warning: discarding unexpected </code>
makeSimpleFileLogger.html:74:77: Warning: discarding unexpected </code>
makeSimpleFileLogger.html:78:38: Warning: <code> is probably intended as </code>
makeSimpleFileLogger.html:78:72: Warning: discarding unexpected </code>
makeSimpleFileLogger.html:78:80: Warning: discarding unexpected </code>
Flavors: r-devel-linux-x86_64-debian-clang, r-devel-linux-x86_64-debian-gcc, r-devel-linux-x86_64-fedora-clang, r-devel-linux-x86_64-fedora-gcc