Last updated on 2022-08-15 08:49:51 CEST.
Flavor | Version | Tinstall | Tcheck | Ttotal | Status | Flags |
---|---|---|---|---|---|---|
r-devel-linux-x86_64-debian-clang | 0.6.5 | 2.16 | 32.59 | 34.75 | NOTE | |
r-devel-linux-x86_64-debian-gcc | 0.6.5 | 1.50 | 25.03 | 26.53 | NOTE | |
r-devel-linux-x86_64-fedora-clang | 0.6.5 | 53.62 | NOTE | |||
r-devel-linux-x86_64-fedora-gcc | 0.6.5 | 53.72 | NOTE | |||
r-devel-windows-x86_64 | 0.6.5 | 9.00 | 56.00 | 65.00 | NOTE | |
r-patched-linux-x86_64 | 0.6.5 | 1.95 | 31.16 | 33.11 | NOTE | |
r-release-linux-x86_64 | 0.6.5 | 2.27 | 31.53 | 33.80 | NOTE | |
r-release-macos-arm64 | 0.6.5 | 19.00 | NOTE | |||
r-release-macos-x86_64 | 0.6.5 | 26.00 | NOTE | |||
r-release-windows-x86_64 | 0.6.5 | 8.00 | 54.00 | 62.00 | NOTE | |
r-oldrel-macos-arm64 | 0.6.5 | 24.00 | NOTE | |||
r-oldrel-macos-x86_64 | 0.6.5 | 35.00 | NOTE | |||
r-oldrel-windows-ix86+x86_64 | 0.6.5 | 7.00 | 48.00 | 55.00 | NOTE |
Version: 0.6.5
Check: LazyData
Result: NOTE
'LazyData' is specified without a 'data' directory
Flavors: r-devel-linux-x86_64-debian-clang, r-devel-linux-x86_64-debian-gcc, r-devel-linux-x86_64-fedora-clang, r-devel-linux-x86_64-fedora-gcc, r-devel-windows-x86_64, r-patched-linux-x86_64, r-release-linux-x86_64, r-release-macos-arm64, r-release-macos-x86_64, r-release-windows-x86_64, r-oldrel-macos-arm64, r-oldrel-macos-x86_64, r-oldrel-windows-ix86+x86_64