Last updated on 2022-08-15 08:49:51 CEST.
Flavor | Version | Tinstall | Tcheck | Ttotal | Status | Flags |
---|---|---|---|---|---|---|
r-devel-linux-x86_64-debian-clang | 2.0.4 | 101.22 | 242.49 | 343.71 | OK | |
r-devel-linux-x86_64-debian-gcc | 2.0.4 | 74.35 | 177.22 | 251.57 | OK | |
r-devel-linux-x86_64-fedora-clang | 2.0.4 | 420.83 | NOTE | |||
r-devel-linux-x86_64-fedora-gcc | 2.0.4 | 421.86 | OK | |||
r-devel-windows-x86_64 | 2.0.4 | 100.00 | 314.00 | 414.00 | NOTE | |
r-patched-linux-x86_64 | 2.0.4 | 66.32 | 224.49 | 290.81 | OK | |
r-release-linux-x86_64 | 2.0.4 | 80.46 | 224.82 | 305.28 | OK | |
r-release-macos-arm64 | 2.0.4 | 119.00 | NOTE | |||
r-release-macos-x86_64 | 2.0.4 | 198.00 | NOTE | |||
r-release-windows-x86_64 | 2.0.4 | 115.00 | 318.00 | 433.00 | NOTE | |
r-oldrel-macos-arm64 | 2.0.4 | 142.00 | NOTE | |||
r-oldrel-macos-x86_64 | 2.0.4 | 168.00 | NOTE | |||
r-oldrel-windows-ix86+x86_64 | 2.0.4 | 186.00 | 375.00 | 561.00 | NOTE |
Version: 2.0.4
Check: installed package size
Result: NOTE
installed size is 6.6Mb
sub-directories of 1Mb or more:
doc 3.8Mb
help 1.1Mb
Flavors: r-devel-linux-x86_64-fedora-clang, r-devel-windows-x86_64, r-release-macos-arm64, r-release-macos-x86_64, r-release-windows-x86_64, r-oldrel-macos-arm64, r-oldrel-macos-x86_64, r-oldrel-windows-ix86+x86_64