Last updated on 2022-08-15 08:49:51 CEST.
Flavor | Version | Tinstall | Tcheck | Ttotal | Status | Flags |
---|---|---|---|---|---|---|
r-devel-linux-x86_64-debian-clang | 3.4-15 | 167.42 | 106.43 | 273.85 | OK | |
r-devel-linux-x86_64-debian-gcc | 3.4-15 | 130.64 | 78.05 | 208.69 | OK | |
r-devel-linux-x86_64-fedora-clang | 3.4-15 | 368.39 | OK | |||
r-devel-linux-x86_64-fedora-gcc | 3.4-15 | 351.31 | OK | |||
r-devel-windows-x86_64 | 3.4-15 | 197.00 | 156.00 | 353.00 | OK | |
r-patched-linux-x86_64 | 3.4-15 | 135.00 | 98.00 | 233.00 | OK | |
r-release-linux-x86_64 | 3.4-15 | 106.95 | 100.01 | 206.96 | OK | |
r-release-macos-arm64 | 3.4-15 | 89.00 | NOTE | |||
r-release-macos-x86_64 | 3.4-15 | 138.00 | NOTE | |||
r-release-windows-x86_64 | 3.4-15 | 174.00 | 155.00 | 329.00 | OK | |
r-oldrel-macos-arm64 | 3.4-15 | 87.00 | NOTE | |||
r-oldrel-macos-x86_64 | 3.4-15 | 107.00 | NOTE | |||
r-oldrel-windows-ix86+x86_64 | 3.4-15 | 371.00 | 179.00 | 550.00 | OK |
Version: 3.4-15
Check: installed package size
Result: NOTE
installed size is 9.8Mb
sub-directories of 1Mb or more:
data 1.4Mb
libs 7.9Mb
Flavors: r-release-macos-arm64, r-release-macos-x86_64, r-oldrel-macos-arm64, r-oldrel-macos-x86_64