Last updated on 2022-08-15 08:49:51 CEST.
Flavor | Version | Tinstall | Tcheck | Ttotal | Status | Flags |
---|---|---|---|---|---|---|
r-devel-linux-x86_64-debian-clang | 3.0.3 | 27.85 | 75.63 | 103.48 | OK | |
r-devel-linux-x86_64-debian-gcc | 3.0.3 | 27.09 | 56.20 | 83.29 | OK | |
r-devel-linux-x86_64-fedora-clang | 3.0.3 | 139.84 | NOTE | |||
r-devel-linux-x86_64-fedora-gcc | 3.0.3 | 135.57 | NOTE | |||
r-devel-windows-x86_64 | 3.0.3 | 57.00 | 92.00 | 149.00 | OK | |
r-patched-linux-x86_64 | 3.0.3 | 22.89 | 70.78 | 93.67 | OK | |
r-release-linux-x86_64 | 3.0.3 | 21.86 | 71.65 | 93.51 | OK | |
r-release-macos-arm64 | 3.0.3 | 53.00 | NOTE | |||
r-release-macos-x86_64 | 3.0.3 | 75.00 | NOTE | |||
r-release-windows-x86_64 | 3.0.3 | 59.00 | 92.00 | 151.00 | OK | |
r-oldrel-macos-arm64 | 3.0.3 | 65.00 | NOTE | |||
r-oldrel-macos-x86_64 | 3.0.3 | 66.00 | NOTE | |||
r-oldrel-windows-ix86+x86_64 | 3.0.3 | 61.00 | 89.00 | 150.00 | OK |
Version: 3.0.3
Check: dependencies in R code
Result: NOTE
Namespace in Imports field not imported from: ‘httr’
All declared Imports should be used.
Flavors: r-devel-linux-x86_64-fedora-clang, r-devel-linux-x86_64-fedora-gcc, r-release-macos-arm64, r-release-macos-x86_64, r-oldrel-macos-arm64, r-oldrel-macos-x86_64