Last updated on 2022-08-15 08:49:51 CEST.
Flavor | Version | Tinstall | Tcheck | Ttotal | Status | Flags |
---|---|---|---|---|---|---|
r-devel-linux-x86_64-debian-clang | 0.2.0 | 734.05 | 241.42 | 975.47 | NOTE | |
r-devel-linux-x86_64-debian-gcc | 0.2.0 | 689.79 | 223.99 | 913.78 | NOTE | |
r-devel-linux-x86_64-fedora-clang | 0.2.0 | 1192.70 | NOTE | |||
r-devel-linux-x86_64-fedora-gcc | 0.2.0 | 1570.81 | NOTE | |||
r-devel-windows-x86_64 | 0.2.0 | 477.00 | 397.00 | 874.00 | NOTE | |
r-patched-linux-x86_64 | 0.2.0 | 533.04 | 304.26 | 837.30 | NOTE | |
r-release-linux-x86_64 | 0.2.0 | 537.48 | 308.08 | 845.56 | NOTE | |
r-release-macos-arm64 | 0.2.0 | 316.00 | NOTE | |||
r-release-macos-x86_64 | 0.2.0 | 584.00 | NOTE | |||
r-release-windows-x86_64 | 0.2.0 | 463.00 | 387.00 | 850.00 | NOTE | |
r-oldrel-macos-arm64 | 0.2.0 | 329.00 | NOTE | |||
r-oldrel-macos-x86_64 | 0.2.0 | 410.00 | NOTE | |||
r-oldrel-windows-ix86+x86_64 | 0.2.0 | 1083.00 | 10.00 | 1093.00 | ERROR |
Version: 0.2.0
Check: for GNU extensions in Makefiles
Result: NOTE
GNU make is a SystemRequirements.
Flavors: r-devel-linux-x86_64-debian-clang, r-devel-linux-x86_64-debian-gcc, r-devel-linux-x86_64-fedora-clang, r-devel-linux-x86_64-fedora-gcc, r-devel-windows-x86_64, r-patched-linux-x86_64, r-release-linux-x86_64, r-release-macos-arm64, r-release-macos-x86_64, r-release-windows-x86_64, r-oldrel-macos-arm64, r-oldrel-macos-x86_64
Version: 0.2.0
Check: installed package size
Result: NOTE
installed size is 7.8Mb
sub-directories of 1Mb or more:
libs 7.3Mb
Flavors: r-devel-linux-x86_64-fedora-clang, r-devel-windows-x86_64, r-release-macos-arm64, r-release-macos-x86_64, r-release-windows-x86_64, r-oldrel-macos-arm64, r-oldrel-macos-x86_64
Version: 0.2.0
Check: whether package can be installed
Result: ERROR
Installation failed.
Flavor: r-oldrel-windows-ix86+x86_64