Last updated on 2022-08-15 08:49:52 CEST.
Flavor | Version | Tinstall | Tcheck | Ttotal | Status | Flags |
---|---|---|---|---|---|---|
r-devel-linux-x86_64-debian-clang | 1.3 | 109.32 | 41.03 | 150.35 | WARN | |
r-devel-linux-x86_64-debian-gcc | 1.3 | 81.64 | 31.88 | 113.52 | OK | |
r-devel-linux-x86_64-fedora-clang | 1.3 | 229.56 | WARN | |||
r-devel-linux-x86_64-fedora-gcc | 1.3 | 208.50 | OK | |||
r-devel-windows-x86_64 | 1.3 | 113.00 | 85.00 | 198.00 | OK | |
r-patched-linux-x86_64 | 1.3 | 93.90 | 39.60 | 133.50 | OK | |
r-release-linux-x86_64 | 1.3 | 89.22 | 39.49 | 128.71 | OK | |
r-release-macos-arm64 | 1.3 | 48.00 | OK | |||
r-release-macos-x86_64 | 1.3 | 65.00 | OK | |||
r-release-windows-x86_64 | 1.3 | 108.00 | 87.00 | 195.00 | OK | |
r-oldrel-macos-arm64 | 1.3 | 58.00 | OK | |||
r-oldrel-macos-x86_64 | 1.3 | 97.00 | OK | |||
r-oldrel-windows-ix86+x86_64 | 1.3 | 272.00 | 91.00 | 363.00 | OK |
Version: 1.3
Check: whether package can be installed
Result: WARN
Found the following significant warnings:
get_latents.cpp:216:17: warning: use of bitwise '&' with boolean operands [-Wbitwise-instead-of-logical]
Flavors: r-devel-linux-x86_64-debian-clang, r-devel-linux-x86_64-fedora-clang