Last updated on 2022-08-15 08:49:52 CEST.
Flavor | Version | Tinstall | Tcheck | Ttotal | Status | Flags |
---|---|---|---|---|---|---|
r-devel-linux-x86_64-debian-clang | 1.0.2 | 224.52 | 119.23 | 343.75 | OK | |
r-devel-linux-x86_64-debian-gcc | 1.0.2 | 171.78 | 89.30 | 261.08 | OK | |
r-devel-linux-x86_64-fedora-clang | 1.0.2 | 544.67 | OK | |||
r-devel-linux-x86_64-fedora-gcc | 1.0.2 | 507.14 | OK | |||
r-devel-windows-x86_64 | 1.0.2 | 178.00 | 199.00 | 377.00 | OK | |
r-patched-linux-x86_64 | 1.0.2 | 177.58 | 109.24 | 286.82 | OK | |
r-release-linux-x86_64 | 1.0.2 | 189.79 | 109.80 | 299.59 | OK | |
r-release-macos-arm64 | 1.0.2 | 134.00 | NOTE | |||
r-release-macos-x86_64 | 1.0.2 | 159.00 | NOTE | |||
r-release-windows-x86_64 | 1.0.2 | 177.00 | 197.00 | 374.00 | OK | |
r-oldrel-macos-arm64 | 1.0.2 | 132.00 | NOTE | |||
r-oldrel-macos-x86_64 | 1.0.2 | 156.00 | NOTE | |||
r-oldrel-windows-ix86+x86_64 | 1.0.2 | 561.00 | 186.00 | 747.00 | NOTE |
Version: 1.0.2
Check: installed package size
Result: NOTE
installed size is 16.2Mb
sub-directories of 1Mb or more:
libs 15.0Mb
Flavors: r-release-macos-arm64, r-release-macos-x86_64, r-oldrel-macos-arm64, r-oldrel-macos-x86_64, r-oldrel-windows-ix86+x86_64