Last updated on 2022-08-15 08:49:52 CEST.
Flavor | Version | Tinstall | Tcheck | Ttotal | Status | Flags |
---|---|---|---|---|---|---|
r-devel-linux-x86_64-debian-clang | 2.1.6 | 71.81 | 147.54 | 219.35 | OK | |
r-devel-linux-x86_64-debian-gcc | 2.1.6 | 62.05 | 108.72 | 170.77 | OK | |
r-devel-linux-x86_64-fedora-clang | 2.1.6 | 254.35 | OK | |||
r-devel-linux-x86_64-fedora-gcc | 2.1.6 | 292.44 | OK | |||
r-devel-windows-x86_64 | 2.1.6 | 62.00 | 162.00 | 224.00 | OK | |
r-patched-linux-x86_64 | 2.1.6 | 69.84 | 155.62 | 225.46 | OK | |
r-release-linux-x86_64 | 2.1.6 | 67.50 | 154.22 | 221.72 | OK | |
r-release-macos-arm64 | 2.1.6 | 106.00 | OK | |||
r-release-macos-x86_64 | 2.1.6 | 207.00 | NOTE | |||
r-release-windows-x86_64 | 2.1.6 | 62.00 | 159.00 | 221.00 | OK | |
r-oldrel-macos-arm64 | 2.1.6 | 156.00 | OK | |||
r-oldrel-macos-x86_64 | 2.1.6 | 140.00 | OK | |||
r-oldrel-windows-ix86+x86_64 | 2.1.6 | 150.00 | 198.00 | 348.00 | OK |
Version: 2.1.6
Check: installed package size
Result: NOTE
installed size is 5.0Mb
sub-directories of 1Mb or more:
libs 4.7Mb
Flavor: r-release-macos-x86_64