Last updated on 2022-08-15 08:49:52 CEST.
Flavor | Version | Tinstall | Tcheck | Ttotal | Status | Flags |
---|---|---|---|---|---|---|
r-devel-linux-x86_64-debian-clang | 1.0.3 | 10.57 | 111.60 | 122.17 | NOTE | |
r-devel-linux-x86_64-debian-gcc | 1.0.3 | 8.03 | 82.00 | 90.03 | NOTE | |
r-devel-linux-x86_64-fedora-clang | 1.0.3 | 155.70 | NOTE | |||
r-devel-linux-x86_64-fedora-gcc | 1.0.3 | 157.98 | NOTE | |||
r-devel-windows-x86_64 | 1.0.3 | 16.00 | 131.00 | 147.00 | NOTE | |
r-patched-linux-x86_64 | 1.0.3 | 7.74 | 107.94 | 115.68 | NOTE | |
r-release-linux-x86_64 | 1.0.3 | 9.33 | 108.08 | 117.41 | NOTE | |
r-release-macos-arm64 | 1.0.3 | 44.00 | NOTE | |||
r-release-macos-x86_64 | 1.0.3 | 64.00 | NOTE | |||
r-release-windows-x86_64 | 1.0.3 | 16.00 | 137.00 | 153.00 | NOTE | |
r-oldrel-macos-arm64 | 1.0.3 | 61.00 | NOTE | |||
r-oldrel-macos-x86_64 | 1.0.3 | 58.00 | NOTE | |||
r-oldrel-windows-ix86+x86_64 | 1.0.3 | 19.00 | 132.00 | 151.00 | NOTE |
Version: 1.0.3
Check: package dependencies
Result: NOTE
Packages suggested but not available for checking: 'cplexAPI', 'bestsubset'
Flavors: r-devel-linux-x86_64-debian-clang, r-devel-linux-x86_64-debian-gcc, r-devel-linux-x86_64-fedora-clang, r-devel-linux-x86_64-fedora-gcc, r-devel-windows-x86_64, r-patched-linux-x86_64, r-release-linux-x86_64, r-release-macos-arm64, r-release-macos-x86_64, r-release-windows-x86_64, r-oldrel-macos-arm64, r-oldrel-macos-x86_64, r-oldrel-windows-ix86+x86_64