Last updated on 2022-08-15 08:49:52 CEST.
Flavor | Version | Tinstall | Tcheck | Ttotal | Status | Flags |
---|---|---|---|---|---|---|
r-devel-linux-x86_64-debian-clang | 3.2.4 | 48.61 | 144.25 | 192.86 | WARN | |
r-devel-linux-x86_64-debian-gcc | 3.2.4 | 40.21 | 105.46 | 145.67 | OK | |
r-devel-linux-x86_64-fedora-clang | 3.2.4 | 253.85 | WARN | |||
r-devel-linux-x86_64-fedora-gcc | 3.2.4 | 245.72 | NOTE | |||
r-devel-windows-x86_64 | 3.2.4 | 68.00 | 183.00 | 251.00 | OK | |
r-patched-linux-x86_64 | 3.2.4 | 50.61 | 129.96 | 180.57 | OK | |
r-release-linux-x86_64 | 3.2.4 | 49.16 | 131.28 | 180.44 | OK | |
r-release-macos-arm64 | 3.2.4 | 60.00 | NOTE | |||
r-release-macos-x86_64 | 3.2.4 | 121.00 | NOTE | |||
r-release-windows-x86_64 | 3.2.4 | 70.00 | 175.00 | 245.00 | OK | |
r-oldrel-macos-arm64 | 3.2.4 | 51.00 | NOTE | |||
r-oldrel-macos-x86_64 | 3.2.4 | 88.00 | NOTE | |||
r-oldrel-windows-ix86+x86_64 | 3.2.4 | 134.00 | 214.00 | 348.00 | OK |
Version: 3.2.4
Check: whether package can be installed
Result: WARN
Found the following significant warnings:
simulate_toad.cpp:155:17: warning: use of bitwise '|' with boolean operands [-Wbitwise-instead-of-logical]
simulate_toad.cpp:182:17: warning: use of bitwise '|' with boolean operands [-Wbitwise-instead-of-logical]
Flavors: r-devel-linux-x86_64-debian-clang, r-devel-linux-x86_64-fedora-clang
Version: 3.2.4
Check: dependencies in R code
Result: NOTE
Namespace in Imports field not imported from: ‘DBI’
All declared Imports should be used.
Flavors: r-devel-linux-x86_64-fedora-clang, r-devel-linux-x86_64-fedora-gcc, r-release-macos-arm64, r-release-macos-x86_64, r-oldrel-macos-arm64, r-oldrel-macos-x86_64