Last updated on 2022-08-15 08:49:51 CEST.
Flavor | Version | Tinstall | Tcheck | Ttotal | Status | Flags |
---|---|---|---|---|---|---|
r-devel-linux-x86_64-debian-clang | 1.8 | 2.58 | 21.71 | 24.29 | OK | |
r-devel-linux-x86_64-debian-gcc | 1.8 | 1.71 | 17.10 | 18.81 | OK | |
r-devel-linux-x86_64-fedora-clang | 1.8 | 40.29 | NOTE | |||
r-devel-linux-x86_64-fedora-gcc | 1.8 | 39.64 | NOTE | |||
r-devel-windows-x86_64 | 1.8 | 11.00 | 44.00 | 55.00 | OK | |
r-patched-linux-x86_64 | 1.8 | 2.17 | 20.99 | 23.16 | OK | |
r-release-linux-x86_64 | 1.8 | 2.07 | 20.77 | 22.84 | OK | |
r-release-macos-arm64 | 1.8 | 17.00 | OK | |||
r-release-macos-x86_64 | 1.8 | 22.00 | OK | |||
r-release-windows-x86_64 | 1.8 | 7.00 | 44.00 | 51.00 | OK | |
r-oldrel-macos-arm64 | 1.8 | 21.00 | OK | |||
r-oldrel-macos-x86_64 | 1.8 | 25.00 | OK | |||
r-oldrel-windows-ix86+x86_64 | 1.8 | 9.00 | 43.00 | 52.00 | OK |
Version: 1.8
Check: compiled code
Result: NOTE
File ‘Barnard/libs/Barnard.so’:
Found no calls to: ‘R_registerRoutines’, ‘R_useDynamicSymbols’
It is good practice to register native routines and to disable symbol
search.
See ‘Writing portable packages’ in the ‘Writing R Extensions’ manual.
Flavors: r-devel-linux-x86_64-fedora-clang, r-devel-linux-x86_64-fedora-gcc