Last updated on 2022-08-15 08:49:51 CEST.
Flavor | Version | Tinstall | Tcheck | Ttotal | Status | Flags |
---|---|---|---|---|---|---|
r-devel-linux-x86_64-debian-clang | 1.3.1 | 70.33 | 34.66 | 104.99 | OK | |
r-devel-linux-x86_64-debian-gcc | 1.3.1 | 49.61 | 26.80 | 76.41 | OK | |
r-devel-linux-x86_64-fedora-clang | 1.3.1 | 148.49 | OK | |||
r-devel-linux-x86_64-fedora-gcc | 1.3.1 | 140.22 | OK | |||
r-devel-windows-x86_64 | 1.3.1 | 56.00 | 81.00 | 137.00 | OK | |
r-patched-linux-x86_64 | 1.3.1 | 55.88 | 34.09 | 89.97 | OK | |
r-release-linux-x86_64 | 1.3.1 | 53.52 | 33.84 | 87.36 | OK | |
r-release-macos-arm64 | 1.3.1 | 39.00 | NOTE | |||
r-release-macos-x86_64 | 1.3.1 | 55.00 | NOTE | |||
r-release-windows-x86_64 | 1.3.1 | 63.00 | 83.00 | 146.00 | OK | |
r-oldrel-macos-arm64 | 1.3.1 | 44.00 | NOTE | |||
r-oldrel-macos-x86_64 | 1.3.1 | 80.00 | NOTE | |||
r-oldrel-windows-ix86+x86_64 | 1.3.1 | 159.00 | 104.00 | 263.00 | NOTE |
Version: 1.3.1
Check: installed package size
Result: NOTE
installed size is 6.3Mb
sub-directories of 1Mb or more:
data 2.8Mb
libs 3.4Mb
Flavors: r-release-macos-arm64, r-release-macos-x86_64, r-oldrel-macos-arm64, r-oldrel-macos-x86_64, r-oldrel-windows-ix86+x86_64