Last updated on 2022-08-15 08:49:51 CEST.
Flavor | Version | Tinstall | Tcheck | Ttotal | Status | Flags |
---|---|---|---|---|---|---|
r-devel-linux-x86_64-debian-clang | 1.0 | 1.94 | 28.79 | 30.73 | NOTE | |
r-devel-linux-x86_64-debian-gcc | 1.0 | 1.74 | 21.87 | 23.61 | NOTE | |
r-devel-linux-x86_64-fedora-clang | 1.0 | 47.96 | NOTE | |||
r-devel-linux-x86_64-fedora-gcc | 1.0 | 47.23 | NOTE | |||
r-devel-windows-x86_64 | 1.0 | 21.00 | 56.00 | 77.00 | NOTE | |
r-patched-linux-x86_64 | 1.0 | 2.36 | 27.72 | 30.08 | NOTE | |
r-release-linux-x86_64 | 1.0 | 2.39 | 27.74 | 30.13 | NOTE | |
r-release-macos-arm64 | 1.0 | 18.00 | NOTE | |||
r-release-macos-x86_64 | 1.0 | 26.00 | NOTE | |||
r-release-windows-x86_64 | 1.0 | 22.00 | 57.00 | 79.00 | NOTE | |
r-oldrel-macos-arm64 | 1.0 | 21.00 | NOTE | |||
r-oldrel-macos-x86_64 | 1.0 | 31.00 | NOTE | |||
r-oldrel-windows-ix86+x86_64 | 1.0 | 6.00 | 46.00 | 52.00 | NOTE |
Version: 1.0
Check: LazyData
Result: NOTE
'LazyData' is specified without a 'data' directory
Flavors: r-devel-linux-x86_64-debian-clang, r-devel-linux-x86_64-debian-gcc, r-devel-linux-x86_64-fedora-clang, r-devel-linux-x86_64-fedora-gcc, r-devel-windows-x86_64, r-patched-linux-x86_64, r-release-linux-x86_64, r-release-macos-arm64, r-release-macos-x86_64, r-release-windows-x86_64, r-oldrel-macos-arm64, r-oldrel-macos-x86_64, r-oldrel-windows-ix86+x86_64