Last updated on 2022-08-15 08:49:51 CEST.
Flavor | Version | Tinstall | Tcheck | Ttotal | Status | Flags |
---|---|---|---|---|---|---|
r-devel-linux-x86_64-debian-clang | 0.2.6 | 55.02 | 169.41 | 224.43 | OK | |
r-devel-linux-x86_64-debian-gcc | 0.2.6 | 44.13 | 126.51 | 170.64 | OK | |
r-devel-linux-x86_64-fedora-clang | 0.2.6 | 275.25 | OK | |||
r-devel-linux-x86_64-fedora-gcc | 0.2.6 | 300.17 | OK | |||
r-devel-windows-x86_64 | 0.2.6 | 52.00 | 192.00 | 244.00 | OK | |
r-patched-linux-x86_64 | 0.2.6 | 56.65 | 167.98 | 224.63 | OK | |
r-release-linux-x86_64 | 0.2.6 | 44.97 | 172.42 | 217.39 | OK | |
r-release-macos-arm64 | 0.2.6 | 86.00 | NOTE | |||
r-release-macos-x86_64 | 0.2.6 | 119.00 | NOTE | |||
r-release-windows-x86_64 | 0.2.6 | 62.00 | 197.00 | 259.00 | OK | |
r-oldrel-macos-arm64 | 0.2.6 | 81.00 | NOTE | |||
r-oldrel-macos-x86_64 | 0.2.6 | 118.00 | NOTE | |||
r-oldrel-windows-ix86+x86_64 | 0.2.6 | 114.00 | 278.00 | 392.00 | OK |
Version: 0.2.6
Check: installed package size
Result: NOTE
installed size is 11.4Mb
sub-directories of 1Mb or more:
libs 11.0Mb
Flavors: r-release-macos-arm64, r-release-macos-x86_64, r-oldrel-macos-arm64, r-oldrel-macos-x86_64