Last updated on 2022-08-15 08:49:51 CEST.
Flavor | Version | Tinstall | Tcheck | Ttotal | Status | Flags |
---|---|---|---|---|---|---|
r-devel-linux-x86_64-debian-clang | 0.1.0 | 37.63 | 95.09 | 132.72 | OK | |
r-devel-linux-x86_64-debian-gcc | 0.1.0 | 30.96 | 71.14 | 102.10 | OK | |
r-devel-linux-x86_64-fedora-clang | 0.1.0 | 178.03 | NOTE | |||
r-devel-linux-x86_64-fedora-gcc | 0.1.0 | 179.48 | NOTE | |||
r-devel-windows-x86_64 | 0.1.0 | 45.00 | 143.00 | 188.00 | OK | |
r-patched-linux-x86_64 | 0.1.0 | 31.85 | 92.28 | 124.13 | OK | |
r-release-linux-x86_64 | 0.1.0 | 30.53 | 90.75 | 121.28 | OK | |
r-release-macos-arm64 | 0.1.0 | 64.00 | NOTE | |||
r-release-macos-x86_64 | 0.1.0 | 63.00 | NOTE | |||
r-release-windows-x86_64 | 0.1.0 | 41.00 | 136.00 | 177.00 | OK | |
r-oldrel-macos-arm64 | 0.1.0 | 57.00 | NOTE | |||
r-oldrel-macos-x86_64 | 0.1.0 | 71.00 | NOTE | |||
r-oldrel-windows-ix86+x86_64 | 0.1.0 | 91.00 | 172.00 | 263.00 | OK |
Version: 0.1.0
Check: dependencies in R code
Result: NOTE
Namespace in Imports field not imported from: ‘FastGP’
All declared Imports should be used.
Flavors: r-devel-linux-x86_64-fedora-clang, r-devel-linux-x86_64-fedora-gcc, r-release-macos-arm64, r-release-macos-x86_64, r-oldrel-macos-arm64, r-oldrel-macos-x86_64