Last updated on 2022-08-15 08:49:51 CEST.
Flavor | Version | Tinstall | Tcheck | Ttotal | Status | Flags |
---|---|---|---|---|---|---|
r-devel-linux-x86_64-debian-clang | 1.2.0 | 384.02 | 252.81 | 636.83 | OK | |
r-devel-linux-x86_64-debian-gcc | 1.2.0 | 311.84 | 174.62 | 486.46 | OK | |
r-devel-linux-x86_64-fedora-clang | 1.2.0 | 902.00 | OK | |||
r-devel-linux-x86_64-fedora-gcc | 1.2.0 | 859.01 | OK | |||
r-devel-windows-x86_64 | 1.2.0 | 427.00 | 366.00 | 793.00 | OK | |
r-patched-linux-x86_64 | 1.2.0 | 278.18 | 233.70 | 511.88 | OK | |
r-release-linux-x86_64 | 1.2.0 | 265.51 | 236.26 | 501.77 | OK | |
r-release-macos-arm64 | 1.2.0 | 281.00 | NOTE | |||
r-release-macos-x86_64 | 1.2.0 | 256.00 | NOTE | |||
r-release-windows-x86_64 | 1.2.0 | 424.00 | 349.00 | 773.00 | OK | |
r-oldrel-macos-arm64 | 1.2.0 | 195.00 | NOTE | |||
r-oldrel-macos-x86_64 | 1.2.0 | 259.00 | NOTE | |||
r-oldrel-windows-ix86+x86_64 | 1.2.0 | 962.00 | 439.00 | 1401.00 | NOTE |
Version: 1.2.0
Check: installed package size
Result: NOTE
installed size is 17.5Mb
sub-directories of 1Mb or more:
doc 1.7Mb
libs 15.0Mb
Flavors: r-release-macos-arm64, r-release-macos-x86_64, r-oldrel-macos-arm64, r-oldrel-macos-x86_64, r-oldrel-windows-ix86+x86_64