Last updated on 2022-08-15 08:49:51 CEST.
Flavor | Version | Tinstall | Tcheck | Ttotal | Status | Flags |
---|---|---|---|---|---|---|
r-devel-linux-x86_64-debian-clang | 1.0.6 | 123.03 | 42.75 | 165.78 | OK | |
r-devel-linux-x86_64-debian-gcc | 1.0.7 | 102.28 | 32.39 | 134.67 | OK | |
r-devel-linux-x86_64-fedora-clang | 1.0.7 | 236.02 | NOTE | |||
r-devel-linux-x86_64-fedora-gcc | 1.0.7 | 240.78 | NOTE | |||
r-devel-windows-x86_64 | 1.0.7 | 88.00 | 99.00 | 187.00 | OK | |
r-patched-linux-x86_64 | 1.0.7 | 109.44 | 40.24 | 149.68 | OK | |
r-release-linux-x86_64 | 1.0.7 | 114.39 | 40.31 | 154.70 | OK | |
r-release-macos-arm64 | 1.0.7 | 56.00 | NOTE | |||
r-release-macos-x86_64 | 1.0.7 | 73.00 | NOTE | |||
r-release-windows-x86_64 | 1.0.7 | 233.00 | 118.00 | 351.00 | OK | |
r-oldrel-macos-arm64 | 1.0.7 | 53.00 | NOTE | |||
r-oldrel-macos-x86_64 | 1.0.7 | 77.00 | NOTE | |||
r-oldrel-windows-ix86+x86_64 | 1.0.6 | 277.00 | 113.00 | 390.00 | OK |
Version: 1.0.7
Check: dependencies in R code
Result: NOTE
Namespace in Imports field not imported from: ‘RcppNumerical’
All declared Imports should be used.
Flavors: r-devel-linux-x86_64-fedora-clang, r-devel-linux-x86_64-fedora-gcc, r-release-macos-arm64, r-release-macos-x86_64, r-oldrel-macos-arm64, r-oldrel-macos-x86_64
Version: 1.0.7
Check: installed package size
Result: NOTE
installed size is 13.4Mb
sub-directories of 1Mb or more:
libs 13.2Mb
Flavors: r-release-macos-arm64, r-release-macos-x86_64, r-oldrel-macos-arm64, r-oldrel-macos-x86_64