Last updated on 2022-08-15 08:49:51 CEST.
Flavor | Version | Tinstall | Tcheck | Ttotal | Status | Flags |
---|---|---|---|---|---|---|
r-devel-linux-x86_64-debian-clang | 1.0 | 34.89 | 33.01 | 67.90 | OK | |
r-devel-linux-x86_64-debian-gcc | 1.0 | 26.49 | 26.44 | 52.93 | OK | |
r-devel-linux-x86_64-fedora-clang | 1.0 | 97.46 | OK | |||
r-devel-linux-x86_64-fedora-gcc | 1.0 | 95.00 | OK | |||
r-devel-windows-x86_64 | 1.0 | 29.00 | 79.00 | 108.00 | OK | |
r-patched-linux-x86_64 | 1.0 | 25.00 | 32.48 | 57.48 | OK | |
r-release-linux-x86_64 | 1.0 | 26.01 | 33.10 | 59.11 | OK | |
r-release-macos-arm64 | 1.0 | 30.00 | NOTE | |||
r-release-macos-x86_64 | 1.0 | 36.00 | NOTE | |||
r-release-windows-x86_64 | 1.0 | 31.00 | 79.00 | 110.00 | OK | |
r-oldrel-macos-arm64 | 1.0 | 37.00 | NOTE | |||
r-oldrel-macos-x86_64 | 1.0 | 50.00 | NOTE | |||
r-oldrel-windows-ix86+x86_64 | 1.0 | 73.00 | 81.00 | 154.00 | OK |
Version: 1.0
Check: installed package size
Result: NOTE
installed size is 8.1Mb
sub-directories of 1Mb or more:
libs 8.0Mb
Flavors: r-release-macos-arm64, r-release-macos-x86_64, r-oldrel-macos-arm64, r-oldrel-macos-x86_64