Last updated on 2022-08-15 08:49:51 CEST.
Flavor | Version | Tinstall | Tcheck | Ttotal | Status | Flags |
---|---|---|---|---|---|---|
r-devel-linux-x86_64-debian-clang | 0.2.12 | 16.73 | 522.80 | 539.53 | OK | |
r-devel-linux-x86_64-debian-gcc | 0.2.12 | 13.45 | 367.77 | 381.22 | OK | |
r-devel-linux-x86_64-fedora-clang | 0.2.12 | 608.75 | NOTE | |||
r-devel-linux-x86_64-fedora-gcc | 0.2.12 | 644.09 | NOTE | |||
r-devel-windows-x86_64 | 0.2.12 | 791.00 | 615.00 | 1406.00 | OK | |
r-patched-linux-x86_64 | 0.2.12 | 17.21 | 478.19 | 495.40 | OK | |
r-release-linux-x86_64 | 0.2.12 | 17.46 | 484.69 | 502.15 | OK | |
r-release-macos-arm64 | 0.2.12 | 147.00 | NOTE | |||
r-release-macos-x86_64 | 0.2.12 | 212.00 | NOTE | |||
r-release-windows-x86_64 | 0.2.12 | 903.00 | 592.00 | 1495.00 | OK | |
r-oldrel-macos-arm64 | 0.2.12 | 147.00 | NOTE | |||
r-oldrel-macos-x86_64 | 0.2.12 | 210.00 | NOTE | |||
r-oldrel-windows-ix86+x86_64 | 0.2.12 | 27.00 | 586.00 | 613.00 | OK |
Version: 0.2.12
Check: dependencies in R code
Result: NOTE
Namespace in Imports field not imported from: ‘Rdpack’
All declared Imports should be used.
Flavors: r-devel-linux-x86_64-fedora-clang, r-devel-linux-x86_64-fedora-gcc, r-release-macos-arm64, r-release-macos-x86_64, r-oldrel-macos-arm64, r-oldrel-macos-x86_64