Last updated on 2022-08-15 08:49:51 CEST.
Flavor | Version | Tinstall | Tcheck | Ttotal | Status | Flags |
---|---|---|---|---|---|---|
r-devel-linux-x86_64-debian-clang | 3.0-2 | 925.48 | 39.64 | 965.12 | NOTE | |
r-devel-linux-x86_64-debian-gcc | 3.0-2 | 863.02 | 28.88 | 891.90 | NOTE | |
r-devel-linux-x86_64-fedora-clang | 3.0-2 | 1364.68 | NOTE | |||
r-devel-linux-x86_64-fedora-gcc | 3.0-2 | 1454.07 | NOTE | |||
r-devel-windows-x86_64 | 3.0-2 | 656.00 | 74.00 | 730.00 | NOTE | |
r-patched-linux-x86_64 | 3.0-2 | 882.53 | 36.76 | 919.29 | NOTE | |
r-release-linux-x86_64 | 3.0-2 | 849.99 | 36.51 | 886.50 | NOTE | |
r-release-macos-arm64 | 3.0-2 | 372.00 | NOTE | |||
r-release-macos-x86_64 | 3.0-2 | 458.00 | NOTE | |||
r-release-windows-x86_64 | 3.0-2 | 750.00 | 76.00 | 826.00 | NOTE | |
r-oldrel-macos-arm64 | 3.0-2 | 328.00 | NOTE | |||
r-oldrel-macos-x86_64 | 3.0-2 | 442.00 | NOTE | |||
r-oldrel-windows-ix86+x86_64 | 3.0-2 | 1937.00 | 75.00 | 2012.00 | NOTE |
Version: 3.0-2
Check: for GNU extensions in Makefiles
Result: NOTE
GNU make is a SystemRequirements.
Flavors: r-devel-linux-x86_64-debian-clang, r-devel-linux-x86_64-debian-gcc, r-devel-linux-x86_64-fedora-clang, r-devel-linux-x86_64-fedora-gcc, r-devel-windows-x86_64, r-patched-linux-x86_64, r-release-linux-x86_64, r-release-macos-arm64, r-release-macos-x86_64, r-release-windows-x86_64, r-oldrel-macos-arm64, r-oldrel-macos-x86_64, r-oldrel-windows-ix86+x86_64
Version: 3.0-2
Check: installed package size
Result: NOTE
installed size is 11.8Mb
sub-directories of 1Mb or more:
libs 11.7Mb
Flavors: r-devel-linux-x86_64-fedora-clang, r-devel-windows-x86_64, r-release-macos-arm64, r-release-macos-x86_64, r-release-windows-x86_64, r-oldrel-macos-arm64, r-oldrel-macos-x86_64, r-oldrel-windows-ix86+x86_64